{"id":3,"date":"2024-04-25T18:35:01","date_gmt":"2024-04-25T16:35:01","guid":{"rendered":"https:\/\/sensacionarabe.com\/?page_id=3"},"modified":"2024-07-10T09:18:16","modified_gmt":"2024-07-10T07:18:16","slug":"politica-privacidad","status":"publish","type":"page","link":"https:\/\/sensacionarabe.com\/Mayoristas\/politica-privacidad\/","title":{"rendered":"Pol\u00edtica de privacidad"},"content":{"rendered":"\n<h2 class=\"wp-block-heading\">POL\u00cdTICA DE PRIVACIDAD Y PROTECCI\u00d3N DE DATOS.<\/h2>\n\n\n\n<p>\u00daltima modificaci\u00f3n: junio 2024<br><br>La Pol\u00edtica de Privacidad forma parte de las Condiciones Generales que rigen la P\u00e1gina www.sensancionarabe.com junto con la Pol\u00edtica de Cookies y el Aviso Legal.\u00a0<br><br><\/p>\n\n\n\n<h2 class=\"wp-block-heading\">Condiciones generales de compra<\/h2>\n\n\n\n<p class=\"has-text-align-justify\">Sensaci\u00f3n \u00c1rabe., se reserva el derecho a modificar o adaptar la presente Pol\u00edtica de Privacidad en todo momento. Por lo tanto, le recomendamos que revise la misma cada vez que acceda a la P\u00e1gina Web o la Aplicaci\u00f3n M\u00f3vil (en adelante, la \u201cAPP\u201d). En el supuesto de que usuario se haya registrado en la P\u00e1gina Web o APP y acceda a su cuenta o perfil, al acceder a la misma, se le informar\u00e1 en el supuesto de que haya habido modificaciones sustanciales en relaci\u00f3n con el tratamiento de sus datos personales.<\/p>\n\n\n\n<p>\u00bfQui\u00e9n es el Responsable del tratamiento de sus datos personales?<br>Los datos que se recojan o nos facilites voluntariamente por medio de la P\u00e1gina Web o APP, ya sea por la navegaci\u00f3n en la misma, as\u00ed como todos aquellos que nos puedas facilitar en los formularios de contacto, v\u00eda email o por tel\u00e9fono, ser\u00e1n recabados y tratados por el Responsable del Tratamiento, cuyos datos se indican a continuaci\u00f3n:<\/p>\n\n\n\n<p>Sensaci\u00f3n \u00c1rabe<\/p>\n\n\n\n<p>C\/alfonso VI 9 P1&nbsp;&nbsp; B-A<\/p>\n\n\n\n<p>CP. 28343 VALDEMORO MADRID<\/p>\n\n\n\n<p>Y EL CORREO sensacionarabe@gmail.com<\/p>\n\n\n\n<h3 class=\"wp-block-heading\">\u00bfCon que finalidades vamos a tratar sus datos personales?<\/h3>\n\n\n\n<p>\u2022 Contestar a tus consultas, solicitudes o peticiones.<br>\u2022 Gestionar el servicio solicitado, contestar tu solicitud, o tramitar tu petici\u00f3n.<br>\u2022 Informaci\u00f3n por medios electr\u00f3nicos, que versen sobre tu solicitud.<br>\u2022 Informaci\u00f3n comercial o de eventos por medios electr\u00f3nicos, siempre que exista autorizaci\u00f3n expresa.<br>\u2022 Realizar an\u00e1lisis y mejoras en la Web o APP, sobre nuestros productos y servicios. Mejorar nuestra estrategia comercial.<br><br><\/p>\n\n\n\n<h3 class=\"wp-block-heading\">\u00bfCu\u00e1l es la legitimaci\u00f3n para el tratamiento de sus datos?<\/h3>\n\n\n\n<p class=\"has-text-align-justify\">La aceptaci\u00f3n y consentimiento del interesado: en aquellos casos donde para realizar una solicitud sea necesario cumplimentar un formulario y hacer un en el bot\u00f3n de enviar, la realizaci\u00f3n del mismo implicar\u00e1 necesariamente que ha sido informado y ha otorgado expresamente su consentimiento al contenido de la cl\u00e1usula anexada a dicho formulario o aceptaci\u00f3n de la pol\u00edtica de privacidad.<br><br><\/p>\n\n\n\n<h3 class=\"wp-block-heading\">\u00bfA qui\u00e9nes le comunicaremos sus datos?<\/h3>\n\n\n\n<p class=\"has-text-align-justify\">Sus datos no se ceder\u00e1n a Terceros salvo obligaci\u00f3n Legal.<br><br><\/p>\n\n\n\n<h3 class=\"wp-block-heading\">\u00bfDurante qu\u00e9 plazo almacenaremos sus datos?<\/h3>\n\n\n\n<p class=\"has-text-align-justify\">Los datos personales ser\u00e1n mantenidos mientras se mantenga la vinculaci\u00f3n con el Responsable. Al finalizar los mismos, los datos personales tratados en cada una de las finalidades indicadas se mantendr\u00e1n durante los plazos legalmente previstos o durante el plazo que un juez o tribunal los pueda requerir atendiendo al plazo de prescripci\u00f3n de acciones judiciales. Los datos tratados se mantendr\u00e1n en tanto no expiren los plazos legales aludidos anteriormente, si hubiera obligaci\u00f3n legal de mantenimiento, o de no existir ese plazo legal, hasta que el interesado solicite su supresi\u00f3n o revoque el consentimiento otorgado.&nbsp;<br><br><\/p>\n\n\n\n<h3 class=\"wp-block-heading\">\u00bfCu\u00e1les son sus derechos?<\/h3>\n\n\n\n<p class=\"has-text-align-justify\">\u2022 A saber, si estamos tratando sus datos o no.<br>\u2022 A acceder a sus datos personales.<br>\u2022 A solicitar la rectificaci\u00f3n de sus datos si son inexactos.<br>\u2022 A solicitar la supresi\u00f3n de sus datos si ya no son necesarios para los fines para los que fueron recogidos o si nos retira el consentimiento otorgado.<br>\u2022 A solicitar la limitaci\u00f3n del tratamiento de sus datos, en algunos supuestos, en cuyo caso s\u00f3lo se conservar\u00e1n de acuerdo con la normativa vigente.<br>\u2022 A portar sus datos, que le ser\u00e1n facilitados en un formato estructurado, de uso com\u00fan o lectura mec\u00e1nica.&nbsp;<br>\u2022 A presentar una reclamaci\u00f3n ante el Delegado de Protecci\u00f3n de Datos (en su caso) o ante la Agencia Espa\u00f1ola de Protecci\u00f3n de Datos o autoridad de control competente,   si cree que no le hemos atendido correctamente.<br>\u2022 A revocar el consentimiento para cada finalidad espec\u00edfica, sin que ello afecte a licitud del tratamiento basado en el consentimiento expreso.<\/p>\n\n\n\n<h3 class=\"wp-block-heading\">\u00bfC\u00f3mo puede ejercer sus derechos?<\/h3>\n\n\n\n<p>Le informamos que podr\u00e1 ejercitar los derechos de acceso, rectificaci\u00f3n, supresi\u00f3n y oposici\u00f3n, mediante escrito junto con fotocopia de Sensaci\u00f3n \u00c1rabe al Delegado de Protecci\u00f3n de Datos, en la siguiente direcci\u00f3n:&nbsp;<br>C \/Alfonso VI 9 P1&nbsp;&nbsp; B-A<\/p>\n\n\n\n<p>CP. 28343 VALDEMORO MADRID<\/p>\n\n\n\n<p class=\"has-text-align-justify\"><br>En determinados supuestos el interesado podr\u00e1 solicitar la limitaci\u00f3n del tratamiento de sus datos, en cuyo caso s\u00f3lo los conservaremos de acuerdo con la normativa vigente.<br><br>Para dejar de recibir nuestra newsletter, puedes darte de baja<br>Desde la APP tiene la posibilidad de eliminar su cuenta, siguiendo los pasos de<br><br>En determinados supuestos puede ejercitar su derecho a la portabilidad de los datos, que ser\u00e1n entregados en un formato estructurado, de uso com\u00fan o lectura mec\u00e1nica a usted o el nuevo responsable de tratamiento que designe.<br>Tiene derecho a revocar en cualquier momento el consentimiento para cualquiera de los tratamientos para los que lo ha otorgado.<br><br>Se informa al interesado o representante del mismo, que podr\u00e1 presentar una reclamaci\u00f3n ante la Agencia Espa\u00f1ola de Protecci\u00f3n de Datos, en el supuesto que considere que no se ha atendido convenientemente el ejercicio de sus derechos.\u00a0<br><br>Sensaci\u00f3n Arabe puede contener enlaces o permitirle interactuar de servicios de terceros independientes (&#8220;Servicios de terceros&#8221;). El acceso a los Servicios de terceros se proporciona \u00fanicamente para su comodidad. Los Servicios de terceros no est\u00e1n bajo el control de Sensaci\u00f3n \u00c1rabe no respalda necesariamente el contenido, la publicidad, los productos, los servicios u otros materiales en dichos Servicios de terceros o disponibles en dichos Servicios de terceros. Su uso de los Servicios de terceros puede estar sujeto a los t\u00e9rminos y condiciones del proveedor externo. La reproducci\u00f3n de v\u00eddeos de YouTube se implementa como una aplicaci\u00f3n API de datos de YouTube. El uso de la API de YouTube se rige por los &#8221; y la &#8220;&#8221;.<\/p>\n\n\n\n<h3 class=\"wp-block-heading\">\u00bfSe recogen fotos o v\u00eddeos desde la aplicaci\u00f3n m\u00f3vil de Sensaci\u00f3n \u00c1rabe?<\/h3>\n\n\n\n<p class=\"has-text-align-justify\">Los usuarios pueden elegir si se permite recoger fotos y\/o v\u00eddeos desde la APP de Sensaci\u00f3n \u00c1rabe, se muestra un pop-up al cliente con dicha solicitud. Estos datos de usuario se recogen para funcionalidades de la app, como poder abrir incidencias a atenci\u00f3n al cliente adjuntando fotos y\/o v\u00eddeos. No se procesan de forma temporal.<\/p>\n\n\n\n<h3 class=\"wp-block-heading\">RESERVA DE COOKIES<\/h3>\n\n\n\n<p>Sensaci\u00f3n \u00c1rabe se reserva el derecho de utilizar cookies en la navegaci\u00f3n del usuario por su website con objetivos t\u00e9cnicos y para facilitar, mejorar y personalizar la navegaci\u00f3n a los usuarios. SENASACI\u00d3N ARABE informa que las cookies se asocian al usuario an\u00f3nimo y a su ordenador, as\u00ed, cuando el usuario vuelve a visitar el sitio web se leen las cookies para identificar a dicho usuario y establecer sus preferencias de navegaci\u00f3n.<\/p>\n\n\n\n<p>No obstante, el usuario tiene la posibilidad de configurar en las opciones de su navegador de modo que se le informe de la recepci\u00f3n de&nbsp;cookies, pudiendo, si as\u00ed lo estima conveniente, impedir que sean instaladas en su terminal. Sin embargo, para el acceso al&nbsp;website&nbsp;de SENSACI\u00d3N \u00c1RABE no ser\u00e1 preceptiva la instalaci\u00f3n de&nbsp;cookies. Se puede configurar las categor\u00edas de cookies opcionales clicando en el bot\u00f3n de ajuste de cookies a continuaci\u00f3n:&nbsp;<\/p>\n\n\n\n<h3 class=\"wp-block-heading\">CONDICIONES GENERALES DE COMPRA<\/h3>\n\n\n\n<p>Puede consultar las condiciones generales de compra, devoluciones y\/o cancelaciones &nbsp;<\/p>\n","protected":false},"excerpt":{"rendered":"<p>POL\u00cdTICA DE PRIVACIDAD Y PROTECCI\u00d3N DE DATOS. \u00daltima modificaci\u00f3n: junio 2024 La Pol\u00edtica de Privacidad forma parte de las Condiciones Generales que rigen la P\u00e1gina www.sensancionarabe.com junto con la Pol\u00edtica de Cookies y el Aviso Legal.\u00a0 Condiciones generales de compra Sensaci\u00f3n \u00c1rabe., se reserva el derecho a modificar o adaptar la presente Pol\u00edtica de Privacidad [&hellip;]<\/p>\n","protected":false},"author":1,"featured_media":0,"parent":0,"menu_order":0,"comment_status":"closed","ping_status":"open","template":"","meta":{"nf_dc_page":"","_uag_custom_page_level_css":"","site-sidebar-layout":"default","site-content-layout":"","ast-site-content-layout":"default","site-content-style":"default","site-sidebar-style":"default","ast-global-header-display":"","ast-banner-title-visibility":"","ast-main-header-display":"","ast-hfb-above-header-display":"","ast-hfb-below-header-display":"","ast-hfb-mobile-header-display":"","site-post-title":"","ast-breadcrumbs-content":"","ast-featured-img":"","footer-sml-layout":"","ast-disable-related-posts":"","theme-transparent-header-meta":"","adv-header-id-meta":"","stick-header-meta":"","header-above-stick-meta":"","header-main-stick-meta":"","header-below-stick-meta":"","astra-migrate-meta-layouts":"set","ast-page-background-enabled":"default","ast-page-background-meta":{"desktop":{"background-color":"","background-image":"","background-repeat":"repeat","background-position":"center center","background-size":"auto","background-attachment":"scroll","background-type":"","background-media":"","overlay-type":"","overlay-color":"","overlay-opacity":"","overlay-gradient":""},"tablet":{"background-color":"","background-image":"","background-repeat":"repeat","background-position":"center center","background-size":"auto","background-attachment":"scroll","background-type":"","background-media":"","overlay-type":"","overlay-color":"","overlay-opacity":"","overlay-gradient":""},"mobile":{"background-color":"","background-image":"","background-repeat":"repeat","background-position":"center center","background-size":"auto","background-attachment":"scroll","background-type":"","background-media":"","overlay-type":"","overlay-color":"","overlay-opacity":"","overlay-gradient":""}},"ast-content-background-meta":{"desktop":{"background-color":"var(--ast-global-color-5)","background-image":"","background-repeat":"repeat","background-position":"center center","background-size":"auto","background-attachment":"scroll","background-type":"","background-media":"","overlay-type":"","overlay-color":"","overlay-opacity":"","overlay-gradient":""},"tablet":{"background-color":"var(--ast-global-color-5)","background-image":"","background-repeat":"repeat","background-position":"center center","background-size":"auto","background-attachment":"scroll","background-type":"","background-media":"","overlay-type":"","overlay-color":"","overlay-opacity":"","overlay-gradient":""},"mobile":{"background-color":"var(--ast-global-color-5)","background-image":"","background-repeat":"repeat","background-position":"center center","background-size":"auto","background-attachment":"scroll","background-type":"","background-media":"","overlay-type":"","overlay-color":"","overlay-opacity":"","overlay-gradient":""}},"footnotes":""},"class_list":["post-3","page","type-page","status-publish","hentry"],"uagb_featured_image_src":{"full":false,"thumbnail":false,"medium":false,"medium_large":false,"large":false,"1536x1536":false,"2048x2048":false,"woocommerce_thumbnail":false,"woocommerce_single":false,"woocommerce_gallery_thumbnail":false,"variation_swatches_image_size":false,"variation_swatches_tooltip_size":false},"uagb_author_info":{"display_name":"admin","author_link":"https:\/\/sensacionarabe.com\/Mayoristas\/author\/admin\/"},"uagb_comment_info":0,"uagb_excerpt":"POL\u00cdTICA DE PRIVACIDAD Y PROTECCI\u00d3N DE DATOS. \u00daltima modificaci\u00f3n: junio 2024 La Pol\u00edtica de Privacidad forma parte de las Condiciones Generales que rigen la P\u00e1gina www.sensancionarabe.com junto con la Pol\u00edtica de Cookies y el Aviso Legal.\u00a0 Condiciones generales de compra Sensaci\u00f3n \u00c1rabe., se reserva el derecho a modificar o adaptar la presente Pol\u00edtica de Privacidad&hellip;","_links":{"self":[{"href":"https:\/\/sensacionarabe.com\/Mayoristas\/wp-json\/wp\/v2\/pages\/3","targetHints":{"allow":["GET"]}}],"collection":[{"href":"https:\/\/sensacionarabe.com\/Mayoristas\/wp-json\/wp\/v2\/pages"}],"about":[{"href":"https:\/\/sensacionarabe.com\/Mayoristas\/wp-json\/wp\/v2\/types\/page"}],"author":[{"embeddable":true,"href":"https:\/\/sensacionarabe.com\/Mayoristas\/wp-json\/wp\/v2\/users\/1"}],"replies":[{"embeddable":true,"href":"https:\/\/sensacionarabe.com\/Mayoristas\/wp-json\/wp\/v2\/comments?post=3"}],"version-history":[{"count":2,"href":"https:\/\/sensacionarabe.com\/Mayoristas\/wp-json\/wp\/v2\/pages\/3\/revisions"}],"predecessor-version":[{"id":5995,"href":"https:\/\/sensacionarabe.com\/Mayoristas\/wp-json\/wp\/v2\/pages\/3\/revisions\/5995"}],"wp:attachment":[{"href":"https:\/\/sensacionarabe.com\/Mayoristas\/wp-json\/wp\/v2\/media?parent=3"}],"curies":[{"name":"wp","href":"https:\/\/api.w.org\/{rel}","templated":true}]}}

Política de privacidad

<h2 class="wp-block-heading">POLÍTICA DE PRIVACIDAD Y PROTECCIÓN DE DATOS.</h2>



<p>Última modificación: junio 2024<br><br>La Política de Privacidad forma parte de las Condiciones Generales que rigen la Página www.sensancionarabe.com junto con la Política de Cookies y el Aviso Legal. <br><br></p>



<h2 class="wp-block-heading">Condiciones generales de compra</h2>



<p class="has-text-align-justify">Sensación Árabe., se reserva el derecho a modificar o adaptar la presente Política de Privacidad en todo momento. Por lo tanto, le recomendamos que revise la misma cada vez que acceda a la Página Web o la Aplicación Móvil (en adelante, la “APP”). En el supuesto de que usuario se haya registrado en la Página Web o APP y acceda a su cuenta o perfil, al acceder a la misma, se le informará en el supuesto de que haya habido modificaciones sustanciales en relación con el tratamiento de sus datos personales.</p>



<p>¿Quién es el Responsable del tratamiento de sus datos personales?<br>Los datos que se recojan o nos facilites voluntariamente por medio de la Página Web o APP, ya sea por la navegación en la misma, así como todos aquellos que nos puedas facilitar en los formularios de contacto, vía email o por teléfono, serán recabados y tratados por el Responsable del Tratamiento, cuyos datos se indican a continuación:</p>



<p>Sensación Árabe</p>



<p>C/alfonso VI 9 P1&nbsp;&nbsp; B-A</p>



<p>CP. 28343 VALDEMORO MADRID</p>



<p>Y EL CORREO sensacionarabe@gmail.com</p>



<h3 class="wp-block-heading">¿Con que finalidades vamos a tratar sus datos personales?</h3>



<p>• Contestar a tus consultas, solicitudes o peticiones.<br>• Gestionar el servicio solicitado, contestar tu solicitud, o tramitar tu petición.<br>• Información por medios electrónicos, que versen sobre tu solicitud.<br>• Información comercial o de eventos por medios electrónicos, siempre que exista autorización expresa.<br>• Realizar análisis y mejoras en la Web o APP, sobre nuestros productos y servicios. Mejorar nuestra estrategia comercial.<br><br></p>



<h3 class="wp-block-heading">¿Cuál es la legitimación para el tratamiento de sus datos?</h3>



<p class="has-text-align-justify">La aceptación y consentimiento del interesado: en aquellos casos donde para realizar una solicitud sea necesario cumplimentar un formulario y hacer un en el botón de enviar, la realización del mismo implicará necesariamente que ha sido informado y ha otorgado expresamente su consentimiento al contenido de la cláusula anexada a dicho formulario o aceptación de la política de privacidad.<br><br></p>



<h3 class="wp-block-heading">¿A quiénes le comunicaremos sus datos?</h3>



<p class="has-text-align-justify">Sus datos no se cederán a Terceros salvo obligación Legal.<br><br></p>



<h3 class="wp-block-heading">¿Durante qué plazo almacenaremos sus datos?</h3>



<p class="has-text-align-justify">Los datos personales serán mantenidos mientras se mantenga la vinculación con el Responsable. Al finalizar los mismos, los datos personales tratados en cada una de las finalidades indicadas se mantendrán durante los plazos legalmente previstos o durante el plazo que un juez o tribunal los pueda requerir atendiendo al plazo de prescripción de acciones judiciales. Los datos tratados se mantendrán en tanto no expiren los plazos legales aludidos anteriormente, si hubiera obligación legal de mantenimiento, o de no existir ese plazo legal, hasta que el interesado solicite su supresión o revoque el consentimiento otorgado.&nbsp;<br><br></p>



<h3 class="wp-block-heading">¿Cuáles son sus derechos?</h3>



<p class="has-text-align-justify">• A saber, si estamos tratando sus datos o no.<br>• A acceder a sus datos personales.<br>• A solicitar la rectificación de sus datos si son inexactos.<br>• A solicitar la supresión de sus datos si ya no son necesarios para los fines para los que fueron recogidos o si nos retira el consentimiento otorgado.<br>• A solicitar la limitación del tratamiento de sus datos, en algunos supuestos, en cuyo caso sólo se conservarán de acuerdo con la normativa vigente.<br>• A portar sus datos, que le serán facilitados en un formato estructurado, de uso común o lectura mecánica.&nbsp;<br>• A presentar una reclamación ante el Delegado de Protección de Datos (en su caso) o ante la Agencia Española de Protección de Datos o autoridad de control competente,   si cree que no le hemos atendido correctamente.<br>• A revocar el consentimiento para cada finalidad específica, sin que ello afecte a licitud del tratamiento basado en el consentimiento expreso.</p>



<h3 class="wp-block-heading">¿Cómo puede ejercer sus derechos?</h3>



<p>Le informamos que podrá ejercitar los derechos de acceso, rectificación, supresión y oposición, mediante escrito junto con fotocopia de Sensación Árabe al Delegado de Protección de Datos, en la siguiente dirección:&nbsp;<br>C /Alfonso VI 9 P1&nbsp;&nbsp; B-A</p>



<p>CP. 28343 VALDEMORO MADRID</p>



<p class="has-text-align-justify"><br>En determinados supuestos el interesado podrá solicitar la limitación del tratamiento de sus datos, en cuyo caso sólo los conservaremos de acuerdo con la normativa vigente.<br><br>Para dejar de recibir nuestra newsletter, puedes darte de baja<br>Desde la APP tiene la posibilidad de eliminar su cuenta, siguiendo los pasos de<br><br>En determinados supuestos puede ejercitar su derecho a la portabilidad de los datos, que serán entregados en un formato estructurado, de uso común o lectura mecánica a usted o el nuevo responsable de tratamiento que designe.<br>Tiene derecho a revocar en cualquier momento el consentimiento para cualquiera de los tratamientos para los que lo ha otorgado.<br><br>Se informa al interesado o representante del mismo, que podrá presentar una reclamación ante la Agencia Española de Protección de Datos, en el supuesto que considere que no se ha atendido convenientemente el ejercicio de sus derechos. <br><br>Sensación Arabe puede contener enlaces o permitirle interactuar de servicios de terceros independientes (&#8220;Servicios de terceros&#8221;). El acceso a los Servicios de terceros se proporciona únicamente para su comodidad. Los Servicios de terceros no están bajo el control de Sensación Árabe no respalda necesariamente el contenido, la publicidad, los productos, los servicios u otros materiales en dichos Servicios de terceros o disponibles en dichos Servicios de terceros. Su uso de los Servicios de terceros puede estar sujeto a los términos y condiciones del proveedor externo. La reproducción de vídeos de YouTube se implementa como una aplicación API de datos de YouTube. El uso de la API de YouTube se rige por los &#8221; y la &#8220;&#8221;.</p>



<h3 class="wp-block-heading">¿Se recogen fotos o vídeos desde la aplicación móvil de Sensación Árabe?</h3>



<p class="has-text-align-justify">Los usuarios pueden elegir si se permite recoger fotos y/o vídeos desde la APP de Sensación Árabe, se muestra un pop-up al cliente con dicha solicitud. Estos datos de usuario se recogen para funcionalidades de la app, como poder abrir incidencias a atención al cliente adjuntando fotos y/o vídeos. No se procesan de forma temporal.</p>



<h3 class="wp-block-heading">RESERVA DE COOKIES</h3>



<p>Sensación Árabe se reserva el derecho de utilizar cookies en la navegación del usuario por su website con objetivos técnicos y para facilitar, mejorar y personalizar la navegación a los usuarios. SENASACIÓN ARABE informa que las cookies se asocian al usuario anónimo y a su ordenador, así, cuando el usuario vuelve a visitar el sitio web se leen las cookies para identificar a dicho usuario y establecer sus preferencias de navegación.</p>



<p>No obstante, el usuario tiene la posibilidad de configurar en las opciones de su navegador de modo que se le informe de la recepción de&nbsp;cookies, pudiendo, si así lo estima conveniente, impedir que sean instaladas en su terminal. Sin embargo, para el acceso al&nbsp;website&nbsp;de SENSACIÓN ÁRABE no será preceptiva la instalación de&nbsp;cookies. Se puede configurar las categorías de cookies opcionales clicando en el botón de ajuste de cookies a continuación:&nbsp;</p>



<h3 class="wp-block-heading">CONDICIONES GENERALES DE COMPRA</h3>



<p>Puede consultar las condiciones generales de compra, devoluciones y/o cancelaciones &nbsp;</p>

<p>POLÍTICA DE PRIVACIDAD Y PROTECCIÓN DE DATOS. Última modificación: junio 2024 La Política de Privacidad forma parte de las Condiciones Generales que rigen la Página www.sensancionarabe.com junto con la Política de Cookies y el Aviso Legal.  Condiciones generales de compra Sensación Árabe., se reserva el derecho a modificar o adaptar la presente Política de Privacidad [&hellip;]</p>

POLÍTICA DE PRIVACIDAD Y PROTECCIÓN DE DATOS. Última modificación: junio 2024 La Política de Privacidad forma parte de las Condiciones Generales que rigen la Página www.sensancionarabe.com junto con la Política de Cookies y el Aviso Legal.  Condiciones generales de compra Sensación Árabe., se reserva el derecho a modificar o adaptar la presente Política de Privacidad&hellip;
