{"id":6199,"date":"2024-08-21T15:39:31","date_gmt":"2024-08-21T13:39:31","guid":{"rendered":"https:\/\/sensacionarabe.com\/Mayoristas\/producto\/eau-de-parfum-club-de-nuit-milestone-unisex-105ml-armaf\/"},"modified":"2025-07-03T21:35:49","modified_gmt":"2025-07-03T19:35:49","slug":"eau-de-parfum-club-de-nuit-milestone-unisex-105ml-armaf","status":"publish","type":"product","link":"https:\/\/sensacionarabe.com\/Mayoristas\/producto\/eau-de-parfum-club-de-nuit-milestone-unisex-105ml-armaf\/","title":{"rendered":"Eau de Parfum Club de Nuit Milestone Unisex 105ml &#8211; Armaf"},"content":{"rendered":"<p><span style=\"font-size: 16px\"><b style=\"font-weight: 700\">Eau de Parfum Club de Nuit Milestone<\/b><\/span><span style=\"font-size: 16px\"><span class=\"Apple-converted-space\">&nbsp;<\/span><\/span><span style=\"font-size: 16px\">que te llevar\u00e1 a aquellas noches de verano viendo el atardecer en la orilla del mar con su aroma c\u00edtrico, frutal y con notas marinas que te embrujar\u00e1. Puedes usarla a diario.&nbsp;Una verdadera manifestaci\u00f3n de pasi\u00f3n y aventura. D\u00e9jate cautivar por su&nbsp;aroma misterioso, provocador y embriagador.<\/span><\/p>\n<ul>\n<li><span style=\"font-size: 16px\">Notas de salida: Frutas y sal marina.<\/span><\/li>\n<li><span style=\"font-size: 16px\">Notas de coraz\u00f3n: Iris, mandarina, lim\u00f3n de Sicilia y bergamota.<\/span><\/li>\n<li><span style=\"font-size: 16px\">Notas de fondo: almizcle y notas marinas.<\/span><\/li>\n<\/ul>\n<p><span style=\"font-size: 16px\">Su aroma es considerado la mejor alternativa al perfume de lujo Mill\u00e9sime Imp\u00e9rial de Creed.<\/span><\/p>\n<p><span style=\"font-size: 16px\"><span style=\"text-decoration: underline\">Indicado para<\/span><\/span><span style=\"font-size: 16px\">: Hombres y Mujeres.<\/span><\/p>\n<p><span><span><span style=\"text-decoration: underline\">Contiene<\/span><\/span><\/span><span><\/span><\/p>\n","protected":false},"excerpt":{"rendered":"<p>Eau de Parfum Club de Nuit Milestone&nbsp;que te llevar\u00e1 a aquellas noches de verano viendo el atardecer en la orilla del mar con su aroma c\u00edtrico, frutal y con notas marinas que te embrujar\u00e1. Puedes usarla a diario.&nbsp;Una verdadera manifestaci\u00f3n de pasi\u00f3n y aventura. D\u00e9jate cautivar por su&nbsp;aroma misterioso, provocador y embriagador. Notas de salida: [&hellip;]<\/p>\n","protected":false},"featured_media":6201,"comment_status":"open","ping_status":"closed","template":"","meta":{"nf_dc_page":"","_uag_custom_page_level_css":"","site-sidebar-layout":"default","site-content-layout":"","ast-site-content-layout":"default","site-content-style":"default","site-sidebar-style":"default","ast-global-header-display":"","ast-banner-title-visibility":"","ast-main-header-display":"","ast-hfb-above-header-display":"","ast-hfb-below-header-display":"","ast-hfb-mobile-header-display":"","site-post-title":"","ast-breadcrumbs-content":"","ast-featured-img":"","footer-sml-layout":"","ast-disable-related-posts":"","theme-transparent-header-meta":"","adv-header-id-meta":"","stick-header-meta":"","header-above-stick-meta":"","header-main-stick-meta":"","header-below-stick-meta":"","astra-migrate-meta-layouts":"default","ast-page-background-enabled":"default","ast-page-background-meta":{"desktop":{"background-color":"","background-image":"","background-repeat":"repeat","background-position":"center center","background-size":"auto","background-attachment":"scroll","background-type":"","background-media":"","overlay-type":"","overlay-color":"","overlay-opacity":"","overlay-gradient":""},"tablet":{"background-color":"","background-image":"","background-repeat":"repeat","background-position":"center center","background-size":"auto","background-attachment":"scroll","background-type":"","background-media":"","overlay-type":"","overlay-color":"","overlay-opacity":"","overlay-gradient":""},"mobile":{"background-color":"","background-image":"","background-repeat":"repeat","background-position":"center center","background-size":"auto","background-attachment":"scroll","background-type":"","background-media":"","overlay-type":"","overlay-color":"","overlay-opacity":"","overlay-gradient":""}},"ast-content-background-meta":{"desktop":{"background-color":"var(--ast-global-color-5)","background-image":"","background-repeat":"repeat","background-position":"center center","background-size":"auto","background-attachment":"scroll","background-type":"","background-media":"","overlay-type":"","overlay-color":"","overlay-opacity":"","overlay-gradient":""},"tablet":{"background-color":"var(--ast-global-color-5)","background-image":"","background-repeat":"repeat","background-position":"center center","background-size":"auto","background-attachment":"scroll","background-type":"","background-media":"","overlay-type":"","overlay-color":"","overlay-opacity":"","overlay-gradient":""},"mobile":{"background-color":"var(--ast-global-color-5)","background-image":"","background-repeat":"repeat","background-position":"center center","background-size":"auto","background-attachment":"scroll","background-type":"","background-media":"","overlay-type":"","overlay-color":"","overlay-opacity":"","overlay-gradient":""}}},"product_brand":[],"product_cat":[29],"product_tag":[64],"class_list":{"0":"post-6199","1":"product","2":"type-product","3":"status-publish","4":"has-post-thumbnail","6":"product_cat-unisex","7":"product_tag-armaf","8":"desktop-align-left","9":"tablet-align-left","10":"mobile-align-left","12":"first","13":"instock","14":"taxable","15":"shipping-taxable","16":"purchasable","17":"product-type-simple"},"uagb_featured_image_src":{"full":["https:\/\/sensacionarabe.com\/Mayoristas\/wp-content\/uploads\/2024\/08\/photoroom_20240821_153028-1.jpeg",1080,1080,false],"thumbnail":["https:\/\/sensacionarabe.com\/Mayoristas\/wp-content\/uploads\/2024\/08\/photoroom_20240821_153028-1-150x150.jpeg",150,150,true],"medium":["https:\/\/sensacionarabe.com\/Mayoristas\/wp-content\/uploads\/2024\/08\/photoroom_20240821_153028-1-300x300.jpeg",300,300,true],"medium_large":["https:\/\/sensacionarabe.com\/Mayoristas\/wp-content\/uploads\/2024\/08\/photoroom_20240821_153028-1-768x768.jpeg",768,768,true],"large":["https:\/\/sensacionarabe.com\/Mayoristas\/wp-content\/uploads\/2024\/08\/photoroom_20240821_153028-1-1024x1024.jpeg",1024,1024,true],"1536x1536":["https:\/\/sensacionarabe.com\/Mayoristas\/wp-content\/uploads\/2024\/08\/photoroom_20240821_153028-1.jpeg",1080,1080,false],"2048x2048":["https:\/\/sensacionarabe.com\/Mayoristas\/wp-content\/uploads\/2024\/08\/photoroom_20240821_153028-1.jpeg",1080,1080,false],"woocommerce_thumbnail":["https:\/\/sensacionarabe.com\/Mayoristas\/wp-content\/uploads\/2024\/08\/photoroom_20240821_153028-1-300x300.jpeg",300,300,true],"woocommerce_single":["https:\/\/sensacionarabe.com\/Mayoristas\/wp-content\/uploads\/2024\/08\/photoroom_20240821_153028-1-600x600.jpeg",600,600,true],"woocommerce_gallery_thumbnail":["https:\/\/sensacionarabe.com\/Mayoristas\/wp-content\/uploads\/2024\/08\/photoroom_20240821_153028-1-100x100.jpeg",100,100,true],"variation_swatches_image_size":["https:\/\/sensacionarabe.com\/Mayoristas\/wp-content\/uploads\/2024\/08\/photoroom_20240821_153028-1.jpeg",50,50,false],"variation_swatches_tooltip_size":["https:\/\/sensacionarabe.com\/Mayoristas\/wp-content\/uploads\/2024\/08\/photoroom_20240821_153028-1.jpeg",100,100,false]},"uagb_author_info":{"display_name":"admin","author_link":"https:\/\/sensacionarabe.com\/Mayoristas\/author\/"},"uagb_comment_info":0,"uagb_excerpt":"Eau de Parfum Club de Nuit Milestone&nbsp;que te llevar\u00e1 a aquellas noches de verano viendo el atardecer en la orilla del mar con su aroma c\u00edtrico, frutal y con notas marinas que te embrujar\u00e1. Puedes usarla a diario.&nbsp;Una verdadera manifestaci\u00f3n de pasi\u00f3n y aventura. D\u00e9jate cautivar por su&nbsp;aroma misterioso, provocador y embriagador. Notas de salida:&hellip;","_links":{"self":[{"href":"https:\/\/sensacionarabe.com\/Mayoristas\/wp-json\/wp\/v2\/product\/6199","targetHints":{"allow":["GET"]}}],"collection":[{"href":"https:\/\/sensacionarabe.com\/Mayoristas\/wp-json\/wp\/v2\/product"}],"about":[{"href":"https:\/\/sensacionarabe.com\/Mayoristas\/wp-json\/wp\/v2\/types\/product"}],"replies":[{"embeddable":true,"href":"https:\/\/sensacionarabe.com\/Mayoristas\/wp-json\/wp\/v2\/comments?post=6199"}],"version-history":[{"count":1,"href":"https:\/\/sensacionarabe.com\/Mayoristas\/wp-json\/wp\/v2\/product\/6199\/revisions"}],"predecessor-version":[{"id":6200,"href":"https:\/\/sensacionarabe.com\/Mayoristas\/wp-json\/wp\/v2\/product\/6199\/revisions\/6200"}],"wp:featuredmedia":[{"embeddable":true,"href":"https:\/\/sensacionarabe.com\/Mayoristas\/wp-json\/wp\/v2\/media\/6201"}],"wp:attachment":[{"href":"https:\/\/sensacionarabe.com\/Mayoristas\/wp-json\/wp\/v2\/media?parent=6199"}],"wp:term":[{"taxonomy":"product_brand","embeddable":true,"href":"https:\/\/sensacionarabe.com\/Mayoristas\/wp-json\/wp\/v2\/product_brand?post=6199"},{"taxonomy":"product_cat","embeddable":true,"href":"https:\/\/sensacionarabe.com\/Mayoristas\/wp-json\/wp\/v2\/product_cat?post=6199"},{"taxonomy":"product_tag","embeddable":true,"href":"https:\/\/sensacionarabe.com\/Mayoristas\/wp-json\/wp\/v2\/product_tag?post=6199"}],"curies":[{"name":"wp","href":"https:\/\/api.w.org\/{rel}","templated":true}]}}