{"id":6204,"date":"2024-08-21T15:47:33","date_gmt":"2024-08-21T13:47:33","guid":{"rendered":"https:\/\/sensacionarabe.com\/Mayoristas\/producto\/eau-de-parfum-bab-al-wardi100ml-ard-al-zaafaran\/"},"modified":"2026-03-16T19:20:10","modified_gmt":"2026-03-16T18:20:10","slug":"eau-de-parfum-bab-al-wardi100ml-ard-al-zaafaran","status":"publish","type":"product","link":"https:\/\/sensacionarabe.com\/Mayoristas\/producto\/eau-de-parfum-bab-al-wardi100ml-ard-al-zaafaran\/","title":{"rendered":"Ard al zaafaran Bab Al Wardi Eau de perfum \n100ml"},"content":{"rendered":"<p style=\"margin-top: 0px;margin-right: 0px;margin-bottom: var(--wd-tags-mb);margin-left: 0px;padding: 0px;border: 0px;vertical-align: baseline;font-style: normal;font-weight: 400;line-height: inherit;font-family: Jost, Arial, Helvetica, sans-serif;font-size: 14px;letter-spacing: normal;text-align: start;text-indent: 0px;text-transform: none;text-decoration: none\">Bab Al Wardi Lattafa 100ml es una fragancia que ya esta disponible en Bazar Beni Amir y es un perfume de mujer.<\/p>\n<p style=\"margin-top: 0px;margin-right: 0px;margin-bottom: var(--wd-tags-mb);margin-left: 0px;padding: 0px;border: 0px;vertical-align: baseline;font-style: normal;font-weight: 400;line-height: inherit;font-family: Jost, Arial, Helvetica, sans-serif;font-size: 14px;letter-spacing: normal;text-align: start;text-indent: 0px;text-transform: none;text-decoration: none\"><strong style=\"margin: 0px;padding: 0px;border: 0px;vertical-align: baseline;font-style: inherit;font-weight: 600;line-height: inherit;font-family: inherit;font-size: 14px\">Notas altas:<\/strong>&nbsp;fruta, c\u00edtricos, grosella negra.<\/p>\n<p style=\"margin-top: 0px;margin-right: 0px;margin-bottom: var(--wd-tags-mb);margin-left: 0px;padding: 0px;border: 0px;vertical-align: baseline;font-style: normal;font-weight: 400;line-height: inherit;font-family: Jost, Arial, Helvetica, sans-serif;font-size: 14px;letter-spacing: normal;text-align: start;text-indent: 0px;text-transform: none;text-decoration: none\"><strong style=\"margin: 0px;padding: 0px;border: 0px;vertical-align: baseline;font-style: inherit;font-weight: 600;line-height: inherit;font-family: inherit;font-size: 14px\">Notas de coraz\u00f3n:<\/strong>&nbsp;rosa, jazm\u00edn, flores blancas.<\/p>\n<p style=\"margin-top: 0px;margin-right: 0px;margin-bottom: var(--wd-tags-mb);margin-left: 0px;padding: 0px;border: 0px;vertical-align: baseline;font-style: normal;font-weight: 400;line-height: inherit;font-family: Jost, Arial, Helvetica, sans-serif;font-size: 14px;letter-spacing: normal;text-align: start;text-indent: 0px;text-transform: none;text-decoration: none\"><strong style=\"margin: 0px;padding: 0px;border: 0px;vertical-align: baseline;font-style: inherit;font-weight: 600;line-height: inherit;font-family: inherit;font-size: 14px\">Notas de fondo:<\/strong><span class=\"Apple-converted-space\">&nbsp;<\/span>almizcle, vainilla..<\/p>\n<p style=\"margin-top: 0px;margin-right: 0px;margin-bottom: var(--wd-tags-mb);margin-left: 0px;padding: 0px;border: 0px;vertical-align: baseline;font-style: normal;font-weight: 400;line-height: inherit;font-family: Jost, Arial, Helvetica, sans-serif;font-size: 14px;letter-spacing: normal;text-align: start;text-indent: 0px;text-transform: none;text-decoration: none\">Los perfumes de Dub\u00e1i son conocidos por su refinamiento, calidad y distinci\u00f3n.<\/p>\n<p style=\"margin-top: 0px;margin-right: 0px;margin-bottom: var(--wd-tags-mb);margin-left: 0px;padding: 0px;border: 0px;vertical-align: baseline;font-style: normal;font-weight: 400;line-height: inherit;font-family: Jost, Arial, Helvetica, sans-serif;font-size: 14px;letter-spacing: normal;text-align: start;text-indent: 0px;text-transform: none;text-decoration: none\">La perfumer\u00eda es una tradici\u00f3n milenaria en la regi\u00f3n del Golfo.<\/p>\n<p style=\"margin-top: 0px;margin-right: 0px;margin-bottom: var(--wd-tags-mb);margin-left: 0px;padding: 0px;border: 0px;vertical-align: baseline;font-style: normal;font-weight: 400;line-height: inherit;font-family: Jost, Arial, Helvetica, sans-serif;font-size: 14px;letter-spacing: normal;text-align: start;text-indent: 0px;text-transform: none;text-decoration: none\">Las fragancias de Dub\u00e1i est\u00e1n elaboradas con ingredientes de la m\u00e1s alta calidad, incluidas esencias raras y preciosas como el oud, el \u00e1mbar, el azafr\u00e1n, el almizcle y la rosa. Las fragancias de Dub\u00e1i son una mezcla de tradici\u00f3n y lujo contempor\u00e1neo, proporcionando una experiencia olfativa rica y memorable para los hombres y mujeres que las usan.<\/p>\n","protected":false},"excerpt":{"rendered":"<p>Bab Al Wardi Lattafa 100ml es una fragancia que ya esta disponible en Bazar Beni Amir y es un perfume de mujer. Notas altas:&nbsp;fruta, c\u00edtricos, grosella negra. Notas de coraz\u00f3n:&nbsp;rosa, jazm\u00edn, flores blancas. Notas de fondo:&nbsp;almizcle, vainilla.. Los perfumes de Dub\u00e1i son conocidos por su refinamiento, calidad y distinci\u00f3n. La perfumer\u00eda es una tradici\u00f3n milenaria [&hellip;]<\/p>\n","protected":false},"featured_media":6202,"comment_status":"open","ping_status":"closed","template":"","meta":{"nf_dc_page":"","_uag_custom_page_level_css":"","site-sidebar-layout":"default","site-content-layout":"","ast-site-content-layout":"default","site-content-style":"default","site-sidebar-style":"default","ast-global-header-display":"","ast-banner-title-visibility":"","ast-main-header-display":"","ast-hfb-above-header-display":"","ast-hfb-below-header-display":"","ast-hfb-mobile-header-display":"","site-post-title":"","ast-breadcrumbs-content":"","ast-featured-img":"","footer-sml-layout":"","ast-disable-related-posts":"","theme-transparent-header-meta":"","adv-header-id-meta":"","stick-header-meta":"","header-above-stick-meta":"","header-main-stick-meta":"","header-below-stick-meta":"","astra-migrate-meta-layouts":"default","ast-page-background-enabled":"default","ast-page-background-meta":{"desktop":{"background-color":"","background-image":"","background-repeat":"repeat","background-position":"center center","background-size":"auto","background-attachment":"scroll","background-type":"","background-media":"","overlay-type":"","overlay-color":"","overlay-opacity":"","overlay-gradient":""},"tablet":{"background-color":"","background-image":"","background-repeat":"repeat","background-position":"center center","background-size":"auto","background-attachment":"scroll","background-type":"","background-media":"","overlay-type":"","overlay-color":"","overlay-opacity":"","overlay-gradient":""},"mobile":{"background-color":"","background-image":"","background-repeat":"repeat","background-position":"center center","background-size":"auto","background-attachment":"scroll","background-type":"","background-media":"","overlay-type":"","overlay-color":"","overlay-opacity":"","overlay-gradient":""}},"ast-content-background-meta":{"desktop":{"background-color":"var(--ast-global-color-5)","background-image":"","background-repeat":"repeat","background-position":"center center","background-size":"auto","background-attachment":"scroll","background-type":"","background-media":"","overlay-type":"","overlay-color":"","overlay-opacity":"","overlay-gradient":""},"tablet":{"background-color":"var(--ast-global-color-5)","background-image":"","background-repeat":"repeat","background-position":"center center","background-size":"auto","background-attachment":"scroll","background-type":"","background-media":"","overlay-type":"","overlay-color":"","overlay-opacity":"","overlay-gradient":""},"mobile":{"background-color":"var(--ast-global-color-5)","background-image":"","background-repeat":"repeat","background-position":"center center","background-size":"auto","background-attachment":"scroll","background-type":"","background-media":"","overlay-type":"","overlay-color":"","overlay-opacity":"","overlay-gradient":""}}},"product_brand":[],"product_cat":[49],"product_tag":[62],"class_list":{"0":"post-6204","1":"product","2":"type-product","3":"status-publish","4":"has-post-thumbnail","6":"product_cat-mujer","7":"product_tag-ard-al-zaafaran","8":"desktop-align-left","9":"tablet-align-left","10":"mobile-align-left","12":"first","13":"instock","14":"taxable","15":"shipping-taxable","16":"purchasable","17":"product-type-simple"},"uagb_featured_image_src":{"full":["https:\/\/sensacionarabe.com\/Mayoristas\/wp-content\/uploads\/2024\/08\/photoroom_20240820_222304.jpeg",1080,1920,false],"thumbnail":["https:\/\/sensacionarabe.com\/Mayoristas\/wp-content\/uploads\/2024\/08\/photoroom_20240820_222304-150x150.jpeg",150,150,true],"medium":["https:\/\/sensacionarabe.com\/Mayoristas\/wp-content\/uploads\/2024\/08\/photoroom_20240820_222304-169x300.jpeg",169,300,true],"medium_large":["https:\/\/sensacionarabe.com\/Mayoristas\/wp-content\/uploads\/2024\/08\/photoroom_20240820_222304-768x1365.jpeg",768,1365,true],"large":["https:\/\/sensacionarabe.com\/Mayoristas\/wp-content\/uploads\/2024\/08\/photoroom_20240820_222304-576x1024.jpeg",576,1024,true],"1536x1536":["https:\/\/sensacionarabe.com\/Mayoristas\/wp-content\/uploads\/2024\/08\/photoroom_20240820_222304-864x1536.jpeg",864,1536,true],"2048x2048":["https:\/\/sensacionarabe.com\/Mayoristas\/wp-content\/uploads\/2024\/08\/photoroom_20240820_222304.jpeg",1080,1920,false],"woocommerce_thumbnail":["https:\/\/sensacionarabe.com\/Mayoristas\/wp-content\/uploads\/2024\/08\/photoroom_20240820_222304-300x300.jpeg",300,300,true],"woocommerce_single":["https:\/\/sensacionarabe.com\/Mayoristas\/wp-content\/uploads\/2024\/08\/photoroom_20240820_222304-600x1067.jpeg",600,1067,true],"woocommerce_gallery_thumbnail":["https:\/\/sensacionarabe.com\/Mayoristas\/wp-content\/uploads\/2024\/08\/photoroom_20240820_222304-100x100.jpeg",100,100,true],"variation_swatches_image_size":["https:\/\/sensacionarabe.com\/Mayoristas\/wp-content\/uploads\/2024\/08\/photoroom_20240820_222304.jpeg",28,50,false],"variation_swatches_tooltip_size":["https:\/\/sensacionarabe.com\/Mayoristas\/wp-content\/uploads\/2024\/08\/photoroom_20240820_222304.jpeg",56,100,false]},"uagb_author_info":{"display_name":"admin","author_link":"https:\/\/sensacionarabe.com\/Mayoristas\/author\/"},"uagb_comment_info":0,"uagb_excerpt":"Bab Al Wardi Lattafa 100ml es una fragancia que ya esta disponible en Bazar Beni Amir y es un perfume de mujer. Notas altas:&nbsp;fruta, c\u00edtricos, grosella negra. Notas de coraz\u00f3n:&nbsp;rosa, jazm\u00edn, flores blancas. Notas de fondo:&nbsp;almizcle, vainilla.. Los perfumes de Dub\u00e1i son conocidos por su refinamiento, calidad y distinci\u00f3n. La perfumer\u00eda es una tradici\u00f3n milenaria&hellip;","_links":{"self":[{"href":"https:\/\/sensacionarabe.com\/Mayoristas\/wp-json\/wp\/v2\/product\/6204","targetHints":{"allow":["GET"]}}],"collection":[{"href":"https:\/\/sensacionarabe.com\/Mayoristas\/wp-json\/wp\/v2\/product"}],"about":[{"href":"https:\/\/sensacionarabe.com\/Mayoristas\/wp-json\/wp\/v2\/types\/product"}],"replies":[{"embeddable":true,"href":"https:\/\/sensacionarabe.com\/Mayoristas\/wp-json\/wp\/v2\/comments?post=6204"}],"version-history":[{"count":2,"href":"https:\/\/sensacionarabe.com\/Mayoristas\/wp-json\/wp\/v2\/product\/6204\/revisions"}],"predecessor-version":[{"id":7010,"href":"https:\/\/sensacionarabe.com\/Mayoristas\/wp-json\/wp\/v2\/product\/6204\/revisions\/7010"}],"wp:featuredmedia":[{"embeddable":true,"href":"https:\/\/sensacionarabe.com\/Mayoristas\/wp-json\/wp\/v2\/media\/6202"}],"wp:attachment":[{"href":"https:\/\/sensacionarabe.com\/Mayoristas\/wp-json\/wp\/v2\/media?parent=6204"}],"wp:term":[{"taxonomy":"product_brand","embeddable":true,"href":"https:\/\/sensacionarabe.com\/Mayoristas\/wp-json\/wp\/v2\/product_brand?post=6204"},{"taxonomy":"product_cat","embeddable":true,"href":"https:\/\/sensacionarabe.com\/Mayoristas\/wp-json\/wp\/v2\/product_cat?post=6204"},{"taxonomy":"product_tag","embeddable":true,"href":"https:\/\/sensacionarabe.com\/Mayoristas\/wp-json\/wp\/v2\/product_tag?post=6204"}],"curies":[{"name":"wp","href":"https:\/\/api.w.org\/{rel}","templated":true}]}}