{"id":6220,"date":"2024-08-23T12:23:38","date_gmt":"2024-08-23T10:23:38","guid":{"rendered":"https:\/\/sensacionarabe.com\/Mayoristas\/producto\/yara-roll-on-10ml-1x12\/"},"modified":"2026-01-05T18:32:40","modified_gmt":"2026-01-05T17:32:40","slug":"yara-roll-on-10ml-1x12","status":"publish","type":"product","link":"https:\/\/sensacionarabe.com\/Mayoristas\/producto\/yara-roll-on-10ml-1x12\/","title":{"rendered":"Yara roll on 10ml 1&#215;12"},"content":{"rendered":"<p style=\"margin-top: 0px;margin-right: 0px;margin-bottom: var(--wd-tags-mb);margin-left: 0px;padding: 0px;border: 0px;vertical-align: baseline;font-style: normal;font-weight: 400;line-height: inherit;font-family: Jost, Arial, Helvetica, sans-serif;font-size: 14px;letter-spacing: normal;text-align: start;text-indent: 0px;text-transform: none;text-decoration: none\">Aceite perfumado Yara concentrado 10 ml<\/p>\n<p style=\"margin-top: 0px;margin-right: 0px;margin-bottom: var(--wd-tags-mb);margin-left: 0px;padding: 0px;border: 0px;vertical-align: baseline;font-style: normal;font-weight: 400;line-height: inherit;font-family: Jost, Arial, Helvetica, sans-serif;font-size: 14px;letter-spacing: normal;text-align: start;text-indent: 0px;text-transform: none;text-decoration: none\">Sum\u00e9rgete en el embriagador mundo de Yara Lattafa, donde cada gota es una sinfon\u00eda de amor, sensualidad y excitaci\u00f3n.<\/p>\n<p style=\"margin-top: 0px;margin-right: 0px;margin-bottom: var(--wd-tags-mb);margin-left: 0px;padding: 0px;border: 0px;vertical-align: baseline;font-style: normal;font-weight: 400;line-height: inherit;font-family: Jost, Arial, Helvetica, sans-serif;font-size: 14px;letter-spacing: normal;text-align: start;text-indent: 0px;text-transform: none;text-decoration: none\">Tan pronto como se desenrosca la delicada botella, las notas de cabeza se despliegan en una danza de c\u00edtricos.<br \/>\nComo un rayo de sol, las mandarinas exudan su aroma brillante y chispeante y revitalizan tu esp\u00edritu con su encanto picante.<br \/>\nSe une el heliotropo, un susurro fragante de dulzura almendrada que presagia el lujo y luego las flores de las orqu\u00eddeas, delicadas y ex\u00f3ticas, tejen un tapiz de elegancia floral, acariciando tus sentidos con su abrazo aterciopelado.<br \/>\nA medida que profundizas en el coraz\u00f3n de este exquisito aceite perfumado, las notas medias te transportan a un para\u00edso tropical. Imagine una exuberante isla paradis\u00edaca donde el aire se llena con el aroma de frutas maduras y jugosas. Las notas tropicales crean un irresistible c\u00f3ctel de frutas tropicales que lo invita a disfrutar de la riqueza de la pi\u00f1a, el coco y el mango mezclados en un seductor elixir. Las notas golosas a\u00f1aden un toque de deliciosa dulzura, como un chorrito de caramelo sobre un postre perfectamente maduro.bazarbeniamir.com<\/p>\n<p style=\"margin-top: 0px;margin-right: 0px;margin-bottom: var(--wd-tags-mb);margin-left: 0px;padding: 0px;border: 0px;vertical-align: baseline;font-style: normal;font-weight: 400;line-height: inherit;font-family: Jost, Arial, Helvetica, sans-serif;font-size: 14px;letter-spacing: normal;text-align: start;text-indent: 0px;text-transform: none;text-decoration: none\">El aceite perfumado de Yara Lattafa es una sensual historia de amor, un elixir de pura emoci\u00f3n que evoca pasi\u00f3n, sensualidad y excitaci\u00f3n. Es una fragancia que trasciende las estaciones y se integra perfectamente en cualquier clima o momento del d\u00eda. Siempre ser\u00e1 tu fiel y encantador compa\u00f1ero, ya sea que lo uses bajo el sol de verano o en una acogedora noche de invierno. Deja que su magia te cautive y deja que su cautivadora esencia forme parte de tu inolvidable historia.<\/p>\n<p style=\"margin-top: 0px;margin-right: 0px;margin-bottom: var(--wd-tags-mb);margin-left: 0px;padding: 0px;border: 0px;vertical-align: baseline;font-style: normal;font-weight: 400;line-height: inherit;font-family: Jost, Arial, Helvetica, sans-serif;font-size: 14px;letter-spacing: normal;text-align: start;text-indent: 0px;text-transform: none;text-decoration: none\">Miniyara, yara yara en roll-on, musk yara, frasco de 10 ml ideal para viaje bolso etc.<\/p>\n","protected":false},"excerpt":{"rendered":"<p>Aceite perfumado Yara concentrado 10 ml Sum\u00e9rgete en el embriagador mundo de Yara Lattafa, donde cada gota es una sinfon\u00eda de amor, sensualidad y excitaci\u00f3n. Tan pronto como se desenrosca la delicada botella, las notas de cabeza se despliegan en una danza de c\u00edtricos. Como un rayo de sol, las mandarinas exudan su aroma brillante [&hellip;]<\/p>\n","protected":false},"featured_media":6219,"comment_status":"open","ping_status":"closed","template":"","meta":{"nf_dc_page":"","_uag_custom_page_level_css":"","site-sidebar-layout":"default","site-content-layout":"","ast-site-content-layout":"default","site-content-style":"default","site-sidebar-style":"default","ast-global-header-display":"","ast-banner-title-visibility":"","ast-main-header-display":"","ast-hfb-above-header-display":"","ast-hfb-below-header-display":"","ast-hfb-mobile-header-display":"","site-post-title":"","ast-breadcrumbs-content":"","ast-featured-img":"","footer-sml-layout":"","ast-disable-related-posts":"","theme-transparent-header-meta":"","adv-header-id-meta":"","stick-header-meta":"","header-above-stick-meta":"","header-main-stick-meta":"","header-below-stick-meta":"","astra-migrate-meta-layouts":"default","ast-page-background-enabled":"default","ast-page-background-meta":{"desktop":{"background-color":"","background-image":"","background-repeat":"repeat","background-position":"center center","background-size":"auto","background-attachment":"scroll","background-type":"","background-media":"","overlay-type":"","overlay-color":"","overlay-opacity":"","overlay-gradient":""},"tablet":{"background-color":"","background-image":"","background-repeat":"repeat","background-position":"center center","background-size":"auto","background-attachment":"scroll","background-type":"","background-media":"","overlay-type":"","overlay-color":"","overlay-opacity":"","overlay-gradient":""},"mobile":{"background-color":"","background-image":"","background-repeat":"repeat","background-position":"center center","background-size":"auto","background-attachment":"scroll","background-type":"","background-media":"","overlay-type":"","overlay-color":"","overlay-opacity":"","overlay-gradient":""}},"ast-content-background-meta":{"desktop":{"background-color":"var(--ast-global-color-5)","background-image":"","background-repeat":"repeat","background-position":"center center","background-size":"auto","background-attachment":"scroll","background-type":"","background-media":"","overlay-type":"","overlay-color":"","overlay-opacity":"","overlay-gradient":""},"tablet":{"background-color":"var(--ast-global-color-5)","background-image":"","background-repeat":"repeat","background-position":"center center","background-size":"auto","background-attachment":"scroll","background-type":"","background-media":"","overlay-type":"","overlay-color":"","overlay-opacity":"","overlay-gradient":""},"mobile":{"background-color":"var(--ast-global-color-5)","background-image":"","background-repeat":"repeat","background-position":"center center","background-size":"auto","background-attachment":"scroll","background-type":"","background-media":"","overlay-type":"","overlay-color":"","overlay-opacity":"","overlay-gradient":""}}},"product_brand":[],"product_cat":[15],"product_tag":[],"class_list":{"0":"post-6220","1":"product","2":"type-product","3":"status-publish","4":"has-post-thumbnail","6":"product_cat-sin-categorizar","7":"desktop-align-left","8":"tablet-align-left","9":"mobile-align-left","11":"first","12":"instock","13":"sold-individually","14":"taxable","15":"shipping-taxable","16":"purchasable","17":"product-type-simple"},"uagb_featured_image_src":{"full":["https:\/\/sensacionarabe.com\/Mayoristas\/wp-content\/uploads\/2024\/08\/photoroom_20240823_121959-1.jpeg",1600,1600,false],"thumbnail":["https:\/\/sensacionarabe.com\/Mayoristas\/wp-content\/uploads\/2024\/08\/photoroom_20240823_121959-1-150x150.jpeg",150,150,true],"medium":["https:\/\/sensacionarabe.com\/Mayoristas\/wp-content\/uploads\/2024\/08\/photoroom_20240823_121959-1-300x300.jpeg",300,300,true],"medium_large":["https:\/\/sensacionarabe.com\/Mayoristas\/wp-content\/uploads\/2024\/08\/photoroom_20240823_121959-1-768x768.jpeg",768,768,true],"large":["https:\/\/sensacionarabe.com\/Mayoristas\/wp-content\/uploads\/2024\/08\/photoroom_20240823_121959-1-1024x1024.jpeg",1024,1024,true],"1536x1536":["https:\/\/sensacionarabe.com\/Mayoristas\/wp-content\/uploads\/2024\/08\/photoroom_20240823_121959-1-1536x1536.jpeg",1536,1536,true],"2048x2048":["https:\/\/sensacionarabe.com\/Mayoristas\/wp-content\/uploads\/2024\/08\/photoroom_20240823_121959-1.jpeg",1600,1600,false],"woocommerce_thumbnail":["https:\/\/sensacionarabe.com\/Mayoristas\/wp-content\/uploads\/2024\/08\/photoroom_20240823_121959-1-300x300.jpeg",300,300,true],"woocommerce_single":["https:\/\/sensacionarabe.com\/Mayoristas\/wp-content\/uploads\/2024\/08\/photoroom_20240823_121959-1-600x600.jpeg",600,600,true],"woocommerce_gallery_thumbnail":["https:\/\/sensacionarabe.com\/Mayoristas\/wp-content\/uploads\/2024\/08\/photoroom_20240823_121959-1-100x100.jpeg",100,100,true],"variation_swatches_image_size":["https:\/\/sensacionarabe.com\/Mayoristas\/wp-content\/uploads\/2024\/08\/photoroom_20240823_121959-1.jpeg",50,50,false],"variation_swatches_tooltip_size":["https:\/\/sensacionarabe.com\/Mayoristas\/wp-content\/uploads\/2024\/08\/photoroom_20240823_121959-1.jpeg",100,100,false]},"uagb_author_info":{"display_name":"admin","author_link":"https:\/\/sensacionarabe.com\/Mayoristas\/author\/"},"uagb_comment_info":0,"uagb_excerpt":"Aceite perfumado Yara concentrado 10 ml Sum\u00e9rgete en el embriagador mundo de Yara Lattafa, donde cada gota es una sinfon\u00eda de amor, sensualidad y excitaci\u00f3n. Tan pronto como se desenrosca la delicada botella, las notas de cabeza se despliegan en una danza de c\u00edtricos. Como un rayo de sol, las mandarinas exudan su aroma brillante&hellip;","_links":{"self":[{"href":"https:\/\/sensacionarabe.com\/Mayoristas\/wp-json\/wp\/v2\/product\/6220","targetHints":{"allow":["GET"]}}],"collection":[{"href":"https:\/\/sensacionarabe.com\/Mayoristas\/wp-json\/wp\/v2\/product"}],"about":[{"href":"https:\/\/sensacionarabe.com\/Mayoristas\/wp-json\/wp\/v2\/types\/product"}],"replies":[{"embeddable":true,"href":"https:\/\/sensacionarabe.com\/Mayoristas\/wp-json\/wp\/v2\/comments?post=6220"}],"version-history":[{"count":1,"href":"https:\/\/sensacionarabe.com\/Mayoristas\/wp-json\/wp\/v2\/product\/6220\/revisions"}],"predecessor-version":[{"id":6311,"href":"https:\/\/sensacionarabe.com\/Mayoristas\/wp-json\/wp\/v2\/product\/6220\/revisions\/6311"}],"wp:featuredmedia":[{"embeddable":true,"href":"https:\/\/sensacionarabe.com\/Mayoristas\/wp-json\/wp\/v2\/media\/6219"}],"wp:attachment":[{"href":"https:\/\/sensacionarabe.com\/Mayoristas\/wp-json\/wp\/v2\/media?parent=6220"}],"wp:term":[{"taxonomy":"product_brand","embeddable":true,"href":"https:\/\/sensacionarabe.com\/Mayoristas\/wp-json\/wp\/v2\/product_brand?post=6220"},{"taxonomy":"product_cat","embeddable":true,"href":"https:\/\/sensacionarabe.com\/Mayoristas\/wp-json\/wp\/v2\/product_cat?post=6220"},{"taxonomy":"product_tag","embeddable":true,"href":"https:\/\/sensacionarabe.com\/Mayoristas\/wp-json\/wp\/v2\/product_tag?post=6220"}],"curies":[{"name":"wp","href":"https:\/\/api.w.org\/{rel}","templated":true}]}}