{"id":6805,"date":"2025-02-09T17:44:57","date_gmt":"2025-02-09T16:44:57","guid":{"rendered":"https:\/\/sensacionarabe.com\/Mayoristas\/producto\/eau-de-parfum-eclair-affair-100ml-french-avenue\/"},"modified":"2026-01-31T10:26:14","modified_gmt":"2026-01-31T09:26:14","slug":"eau-de-parfum-eclair-affair-100ml-french-avenue","status":"publish","type":"product","link":"https:\/\/sensacionarabe.com\/Mayoristas\/producto\/eau-de-parfum-eclair-affair-100ml-french-avenue\/","title":{"rendered":"Eau de Parfum \u00c9clair Affair 100ml &#8211; French Avenue"},"content":{"rendered":"<p>El perfume es mucho m\u00e1s que una fragancia; es una extensi\u00f3n de nosotros mismos, un reflejo de nuestra alma y nuestras emociones. Para quienes desean destacar entre la multitud con un toque de refinamiento y sensualidad, el perfume es la elecci\u00f3n perfecta. El asunto \u00c9clair la marca Avenida de Francia es una revelaci\u00f3n. Sumerj\u00e1monos juntos en este universo cautivador y descubramos qu\u00e9 hace tan especial a esta creaci\u00f3n.<\/p>\n<p>La historia de la fragancia \u00c9clair Affair<br \/>\nAvenida de Franciac\u00e9lebre por sus creaciones ic\u00f3nicas, siempre ha cautivado a sus seguidores con sus composiciones \u00fanicas. Con El asunto \u00c9clairLa casa ha dado un nuevo paso ofreciendo una perfecta armon\u00eda entre tradici\u00f3n y modernidad. Inspir\u00e1ndose en la reposter\u00eda francesa, como el rayo y macarronesEsta fragancia le transporta inmediatamente a las bulliciosas calles de Par\u00eds, repletas de tentadores aromas golosos.<\/p>\n<p>El asunto \u00c9clair no es s\u00f3lo una oda a la gastronom\u00eda francesa, sino tambi\u00e9n una demostraci\u00f3n de la artesan\u00eda de la perfumer\u00eda. Cada frasco tiene una rica historia detr\u00e1s, que evoca recuerdos de la infancia, paseos por el pasteler\u00edas de lujo y momentos compartidos con deliciosos dulces.<\/p>\n<p>La composici\u00f3n olfativa<br \/>\nEl \u00e9xito de un perfume depende de su composici\u00f3n olfativa, y El asunto \u00c9clair no es una excepci\u00f3n. Esta obra maestra presenta una compleja pir\u00e1mide olfativa, en la que cada nota desempe\u00f1a un papel crucial.<\/p>\n<p>Notas altas<br \/>\nDesde la primera pulverizaci\u00f3n, El asunto \u00c9clair encanta con su notas altas fresco y vibrante. Hay una explosi\u00f3n de c\u00edtricos chispeantes mezclados con especias dulces. Estos elementos iniciales cautivan de inmediato, abriendo paso a un coraz\u00f3n m\u00e1s profundo e intenso.<\/p>\n<p>Las notas de coraz\u00f3n<br \/>\nEl coraz\u00f3n de esta fragancia es una armoniosa combinaci\u00f3n de jazm\u00edn y rosas. Estas flores ic\u00f3nicas a\u00f1aden una elegante dimensi\u00f3n floral que se equilibra a la perfecci\u00f3n con toques gourmand que recuerdan a la vainilla. Pasteler\u00eda francesa. Un ligero toque de cuero completa este magn\u00edfico cuadro, a\u00f1adiendo una innegable profundidad y sofisticaci\u00f3n al conjunto.<\/p>\n<p>Notas de fondo<br \/>\nPor \u00faltimo, el notas de fondo d&#8217;El asunto \u00c9clair revela un fondo ambarino y amaderado, acentuado por notas de vainilla y haba tonka. Estas notas persistentes garantizan una firma olfativa duradera e inolvidable, haciendo que esta fragancia sea irresistible y memorable durante todo el d\u00eda.<\/p>\n","protected":false},"excerpt":{"rendered":"<p>El perfume es mucho m\u00e1s que una fragancia; es una extensi\u00f3n de nosotros mismos, un reflejo de nuestra alma y nuestras emociones. Para quienes desean destacar entre la multitud con un toque de refinamiento y sensualidad, el perfume es la elecci\u00f3n perfecta. El asunto \u00c9clair la marca Avenida de Francia es una revelaci\u00f3n. Sumerj\u00e1monos juntos [&hellip;]<\/p>\n","protected":false},"featured_media":6804,"comment_status":"open","ping_status":"closed","template":"","meta":{"nf_dc_page":"","_uag_custom_page_level_css":"","site-sidebar-layout":"default","site-content-layout":"","ast-site-content-layout":"default","site-content-style":"default","site-sidebar-style":"default","ast-global-header-display":"","ast-banner-title-visibility":"","ast-main-header-display":"","ast-hfb-above-header-display":"","ast-hfb-below-header-display":"","ast-hfb-mobile-header-display":"","site-post-title":"","ast-breadcrumbs-content":"","ast-featured-img":"","footer-sml-layout":"","ast-disable-related-posts":"","theme-transparent-header-meta":"","adv-header-id-meta":"","stick-header-meta":"","header-above-stick-meta":"","header-main-stick-meta":"","header-below-stick-meta":"","astra-migrate-meta-layouts":"default","ast-page-background-enabled":"default","ast-page-background-meta":{"desktop":{"background-color":"","background-image":"","background-repeat":"repeat","background-position":"center center","background-size":"auto","background-attachment":"scroll","background-type":"","background-media":"","overlay-type":"","overlay-color":"","overlay-opacity":"","overlay-gradient":""},"tablet":{"background-color":"","background-image":"","background-repeat":"repeat","background-position":"center center","background-size":"auto","background-attachment":"scroll","background-type":"","background-media":"","overlay-type":"","overlay-color":"","overlay-opacity":"","overlay-gradient":""},"mobile":{"background-color":"","background-image":"","background-repeat":"repeat","background-position":"center center","background-size":"auto","background-attachment":"scroll","background-type":"","background-media":"","overlay-type":"","overlay-color":"","overlay-opacity":"","overlay-gradient":""}},"ast-content-background-meta":{"desktop":{"background-color":"var(--ast-global-color-5)","background-image":"","background-repeat":"repeat","background-position":"center center","background-size":"auto","background-attachment":"scroll","background-type":"","background-media":"","overlay-type":"","overlay-color":"","overlay-opacity":"","overlay-gradient":""},"tablet":{"background-color":"var(--ast-global-color-5)","background-image":"","background-repeat":"repeat","background-position":"center center","background-size":"auto","background-attachment":"scroll","background-type":"","background-media":"","overlay-type":"","overlay-color":"","overlay-opacity":"","overlay-gradient":""},"mobile":{"background-color":"var(--ast-global-color-5)","background-image":"","background-repeat":"repeat","background-position":"center center","background-size":"auto","background-attachment":"scroll","background-type":"","background-media":"","overlay-type":"","overlay-color":"","overlay-opacity":"","overlay-gradient":""}}},"product_brand":[],"product_cat":[49],"product_tag":[74],"class_list":{"0":"post-6805","1":"product","2":"type-product","3":"status-publish","4":"has-post-thumbnail","6":"product_cat-mujer","7":"product_tag-french-avenue","8":"desktop-align-left","9":"tablet-align-left","10":"mobile-align-left","12":"first","13":"instock","14":"taxable","15":"shipping-taxable","16":"purchasable","17":"product-type-simple"},"uagb_featured_image_src":{"full":["https:\/\/sensacionarabe.com\/Mayoristas\/wp-content\/uploads\/2025\/02\/1000068751.jpg",1054,889,false],"thumbnail":["https:\/\/sensacionarabe.com\/Mayoristas\/wp-content\/uploads\/2025\/02\/1000068751-150x150.jpg",150,150,true],"medium":["https:\/\/sensacionarabe.com\/Mayoristas\/wp-content\/uploads\/2025\/02\/1000068751-300x253.jpg",300,253,true],"medium_large":["https:\/\/sensacionarabe.com\/Mayoristas\/wp-content\/uploads\/2025\/02\/1000068751-768x648.jpg",768,648,true],"large":["https:\/\/sensacionarabe.com\/Mayoristas\/wp-content\/uploads\/2025\/02\/1000068751-1024x864.jpg",1024,864,true],"1536x1536":["https:\/\/sensacionarabe.com\/Mayoristas\/wp-content\/uploads\/2025\/02\/1000068751.jpg",1054,889,false],"2048x2048":["https:\/\/sensacionarabe.com\/Mayoristas\/wp-content\/uploads\/2025\/02\/1000068751.jpg",1054,889,false],"woocommerce_thumbnail":["https:\/\/sensacionarabe.com\/Mayoristas\/wp-content\/uploads\/2025\/02\/1000068751-300x300.jpg",300,300,true],"woocommerce_single":["https:\/\/sensacionarabe.com\/Mayoristas\/wp-content\/uploads\/2025\/02\/1000068751-600x506.jpg",600,506,true],"woocommerce_gallery_thumbnail":["https:\/\/sensacionarabe.com\/Mayoristas\/wp-content\/uploads\/2025\/02\/1000068751-100x100.jpg",100,100,true],"variation_swatches_image_size":["https:\/\/sensacionarabe.com\/Mayoristas\/wp-content\/uploads\/2025\/02\/1000068751.jpg",50,42,false],"variation_swatches_tooltip_size":["https:\/\/sensacionarabe.com\/Mayoristas\/wp-content\/uploads\/2025\/02\/1000068751.jpg",100,84,false]},"uagb_author_info":{"display_name":"admin","author_link":"https:\/\/sensacionarabe.com\/Mayoristas\/author\/"},"uagb_comment_info":0,"uagb_excerpt":"El perfume es mucho m\u00e1s que una fragancia; es una extensi\u00f3n de nosotros mismos, un reflejo de nuestra alma y nuestras emociones. Para quienes desean destacar entre la multitud con un toque de refinamiento y sensualidad, el perfume es la elecci\u00f3n perfecta. El asunto \u00c9clair la marca Avenida de Francia es una revelaci\u00f3n. Sumerj\u00e1monos juntos&hellip;","_links":{"self":[{"href":"https:\/\/sensacionarabe.com\/Mayoristas\/wp-json\/wp\/v2\/product\/6805","targetHints":{"allow":["GET"]}}],"collection":[{"href":"https:\/\/sensacionarabe.com\/Mayoristas\/wp-json\/wp\/v2\/product"}],"about":[{"href":"https:\/\/sensacionarabe.com\/Mayoristas\/wp-json\/wp\/v2\/types\/product"}],"replies":[{"embeddable":true,"href":"https:\/\/sensacionarabe.com\/Mayoristas\/wp-json\/wp\/v2\/comments?post=6805"}],"version-history":[{"count":0,"href":"https:\/\/sensacionarabe.com\/Mayoristas\/wp-json\/wp\/v2\/product\/6805\/revisions"}],"wp:featuredmedia":[{"embeddable":true,"href":"https:\/\/sensacionarabe.com\/Mayoristas\/wp-json\/wp\/v2\/media\/6804"}],"wp:attachment":[{"href":"https:\/\/sensacionarabe.com\/Mayoristas\/wp-json\/wp\/v2\/media?parent=6805"}],"wp:term":[{"taxonomy":"product_brand","embeddable":true,"href":"https:\/\/sensacionarabe.com\/Mayoristas\/wp-json\/wp\/v2\/product_brand?post=6805"},{"taxonomy":"product_cat","embeddable":true,"href":"https:\/\/sensacionarabe.com\/Mayoristas\/wp-json\/wp\/v2\/product_cat?post=6805"},{"taxonomy":"product_tag","embeddable":true,"href":"https:\/\/sensacionarabe.com\/Mayoristas\/wp-json\/wp\/v2\/product_tag?post=6805"}],"curies":[{"name":"wp","href":"https:\/\/api.w.org\/{rel}","templated":true}]}}