{"id":6969,"date":"2025-02-26T11:25:16","date_gmt":"2025-02-26T10:25:16","guid":{"rendered":"https:\/\/sensacionarabe.com\/Mayoristas\/producto\/french-avenue-royal-blend-extrait-de-perfum-100ml\/"},"modified":"2025-05-24T12:35:53","modified_gmt":"2025-05-24T10:35:53","slug":"french-avenue-royal-blend-extrait-de-perfum-100ml","status":"publish","type":"product","link":"https:\/\/sensacionarabe.com\/Mayoristas\/producto\/french-avenue-royal-blend-extrait-de-perfum-100ml\/","title":{"rendered":"french avenue royal blend Extrait De perfum 100ml"},"content":{"rendered":"<p>El lujoso y cautivador mundo delExtracto de perfume Royal Blend es una creaci\u00f3n excepcional de French Avenue. Esta fragancia de rara elegancia encarna la esencia misma del refinamiento franc\u00e9s. Con su composici\u00f3n sofisticada y su estela cautivadora, promete una experiencia olfativa inolvidable digna de los m\u00e1s grandes.<\/p>\n<p>Una fragancia sorprendente de French Avenue<br \/>\nAvenida de FranciaRoyal Blend es una creaci\u00f3n audaz e innovadora de una casa de perfumer\u00eda reconocida por su exquisita artesan\u00eda. Desde las primeras notas, este jugo precioso sorprende por su complejidad y armon\u00eda. La maestr\u00eda de los perfumistas de la marca se revela a trav\u00e9s de un acuerdo olfativo h\u00e1bilmente orquestado, en el que cada ingrediente ha sido meticulosamente seleccionado por su calidad y singularidad.<\/p>\n<p>Adem\u00e1s, la firma olfativa del extracto de perfume Royal Blend se distingue por su equilibrio entre tradici\u00f3n y modernidad. Esta fragancia atemporal seducir\u00e1 tanto a los entendidos como a los reci\u00e9n llegados. Y todo ello ofreciendo una experiencia sensorial rica y variada que evoluciona sutilmente con el paso de las horas.<\/p>\n<p>Extracto de perfume Royal Blend, prep\u00e1rate para caer bajo su hechizo<br \/>\nEn primer lugar, se abre a un ramillete de notas fresco y potente al mismo tiempo. Combina fruta y especias raro. Este preludio olfativo despierta primero los sentidos, preparando el terreno para un viaje olfativo inolvidable. A continuaci\u00f3n, el coraz\u00f3n de la fragancia revela su riqueza floral, combinando con gracia el iris y la mirra.<\/p>\n<p>Por \u00faltimo, el fondo revela toda su sensualidad con preciosas notas amaderadas como el s\u00e1ndalo y la vainilla. Estas notas se realzan con toques de haba tonka. Esta compleja composici\u00f3n es excepcionalmente duradera en la piel, liberando sus encantadores aromas durante todo el d\u00eda.<\/p>\n<p>El placer de una fragancia encantadora con el extracto de perfume Royal Blend<br \/>\nBastan unas gotas para crear una estela seductora que le acompa\u00f1ar\u00e1 de la ma\u00f1ana a la noche. Esta alta concentraci\u00f3n permite que la fragancia se desarrolle plenamente en la piel, revelando todos sus matices.<\/p>\n<p>En conclusi\u00f3n, esta creaci\u00f3n de French Avenue encarna la excelencia de la Perfumer\u00eda francesa. Esta fragancia excepcional seducir\u00e1 a los amantes de los aromas sofisticados y a quienes buscan una firma olfativa \u00fanica. D\u00e9jese seducir por esta obra maestra olfativa que promete sublimarle.<\/p>\n","protected":false},"excerpt":{"rendered":"<p>El lujoso y cautivador mundo delExtracto de perfume Royal Blend es una creaci\u00f3n excepcional de French Avenue. Esta fragancia de rara elegancia encarna la esencia misma del refinamiento franc\u00e9s. Con su composici\u00f3n sofisticada y su estela cautivadora, promete una experiencia olfativa inolvidable digna de los m\u00e1s grandes. Una fragancia sorprendente de French Avenue Avenida de [&hellip;]<\/p>\n","protected":false},"featured_media":6968,"comment_status":"open","ping_status":"closed","template":"","meta":{"nf_dc_page":"","_uag_custom_page_level_css":"","site-sidebar-layout":"default","site-content-layout":"","ast-site-content-layout":"default","site-content-style":"default","site-sidebar-style":"default","ast-global-header-display":"","ast-banner-title-visibility":"","ast-main-header-display":"","ast-hfb-above-header-display":"","ast-hfb-below-header-display":"","ast-hfb-mobile-header-display":"","site-post-title":"","ast-breadcrumbs-content":"","ast-featured-img":"","footer-sml-layout":"","ast-disable-related-posts":"","theme-transparent-header-meta":"","adv-header-id-meta":"","stick-header-meta":"","header-above-stick-meta":"","header-main-stick-meta":"","header-below-stick-meta":"","astra-migrate-meta-layouts":"default","ast-page-background-enabled":"default","ast-page-background-meta":{"desktop":{"background-color":"","background-image":"","background-repeat":"repeat","background-position":"center center","background-size":"auto","background-attachment":"scroll","background-type":"","background-media":"","overlay-type":"","overlay-color":"","overlay-opacity":"","overlay-gradient":""},"tablet":{"background-color":"","background-image":"","background-repeat":"repeat","background-position":"center center","background-size":"auto","background-attachment":"scroll","background-type":"","background-media":"","overlay-type":"","overlay-color":"","overlay-opacity":"","overlay-gradient":""},"mobile":{"background-color":"","background-image":"","background-repeat":"repeat","background-position":"center center","background-size":"auto","background-attachment":"scroll","background-type":"","background-media":"","overlay-type":"","overlay-color":"","overlay-opacity":"","overlay-gradient":""}},"ast-content-background-meta":{"desktop":{"background-color":"var(--ast-global-color-5)","background-image":"","background-repeat":"repeat","background-position":"center center","background-size":"auto","background-attachment":"scroll","background-type":"","background-media":"","overlay-type":"","overlay-color":"","overlay-opacity":"","overlay-gradient":""},"tablet":{"background-color":"var(--ast-global-color-5)","background-image":"","background-repeat":"repeat","background-position":"center center","background-size":"auto","background-attachment":"scroll","background-type":"","background-media":"","overlay-type":"","overlay-color":"","overlay-opacity":"","overlay-gradient":""},"mobile":{"background-color":"var(--ast-global-color-5)","background-image":"","background-repeat":"repeat","background-position":"center center","background-size":"auto","background-attachment":"scroll","background-type":"","background-media":"","overlay-type":"","overlay-color":"","overlay-opacity":"","overlay-gradient":""}}},"product_brand":[],"product_cat":[29],"product_tag":[71],"class_list":{"0":"post-6969","1":"product","2":"type-product","3":"status-publish","4":"has-post-thumbnail","6":"product_cat-unisex","7":"product_tag-fragancias-world","8":"desktop-align-left","9":"tablet-align-left","10":"mobile-align-left","12":"first","13":"instock","14":"taxable","15":"shipping-taxable","16":"purchasable","17":"product-type-simple"},"uagb_featured_image_src":{"full":["https:\/\/sensacionarabe.com\/Mayoristas\/wp-content\/uploads\/2025\/02\/1000079851.jpg",1059,952,false],"thumbnail":["https:\/\/sensacionarabe.com\/Mayoristas\/wp-content\/uploads\/2025\/02\/1000079851-150x150.jpg",150,150,true],"medium":["https:\/\/sensacionarabe.com\/Mayoristas\/wp-content\/uploads\/2025\/02\/1000079851-300x270.jpg",300,270,true],"medium_large":["https:\/\/sensacionarabe.com\/Mayoristas\/wp-content\/uploads\/2025\/02\/1000079851-768x690.jpg",768,690,true],"large":["https:\/\/sensacionarabe.com\/Mayoristas\/wp-content\/uploads\/2025\/02\/1000079851-1024x921.jpg",1024,921,true],"1536x1536":["https:\/\/sensacionarabe.com\/Mayoristas\/wp-content\/uploads\/2025\/02\/1000079851.jpg",1059,952,false],"2048x2048":["https:\/\/sensacionarabe.com\/Mayoristas\/wp-content\/uploads\/2025\/02\/1000079851.jpg",1059,952,false],"woocommerce_thumbnail":["https:\/\/sensacionarabe.com\/Mayoristas\/wp-content\/uploads\/2025\/02\/1000079851-300x300.jpg",300,300,true],"woocommerce_single":["https:\/\/sensacionarabe.com\/Mayoristas\/wp-content\/uploads\/2025\/02\/1000079851-600x539.jpg",600,539,true],"woocommerce_gallery_thumbnail":["https:\/\/sensacionarabe.com\/Mayoristas\/wp-content\/uploads\/2025\/02\/1000079851-100x100.jpg",100,100,true],"variation_swatches_image_size":["https:\/\/sensacionarabe.com\/Mayoristas\/wp-content\/uploads\/2025\/02\/1000079851.jpg",50,45,false],"variation_swatches_tooltip_size":["https:\/\/sensacionarabe.com\/Mayoristas\/wp-content\/uploads\/2025\/02\/1000079851.jpg",100,90,false]},"uagb_author_info":{"display_name":"admin","author_link":"https:\/\/sensacionarabe.com\/Mayoristas\/author\/"},"uagb_comment_info":0,"uagb_excerpt":"El lujoso y cautivador mundo delExtracto de perfume Royal Blend es una creaci\u00f3n excepcional de French Avenue. Esta fragancia de rara elegancia encarna la esencia misma del refinamiento franc\u00e9s. Con su composici\u00f3n sofisticada y su estela cautivadora, promete una experiencia olfativa inolvidable digna de los m\u00e1s grandes. Una fragancia sorprendente de French Avenue Avenida de&hellip;","_links":{"self":[{"href":"https:\/\/sensacionarabe.com\/Mayoristas\/wp-json\/wp\/v2\/product\/6969","targetHints":{"allow":["GET"]}}],"collection":[{"href":"https:\/\/sensacionarabe.com\/Mayoristas\/wp-json\/wp\/v2\/product"}],"about":[{"href":"https:\/\/sensacionarabe.com\/Mayoristas\/wp-json\/wp\/v2\/types\/product"}],"replies":[{"embeddable":true,"href":"https:\/\/sensacionarabe.com\/Mayoristas\/wp-json\/wp\/v2\/comments?post=6969"}],"version-history":[{"count":0,"href":"https:\/\/sensacionarabe.com\/Mayoristas\/wp-json\/wp\/v2\/product\/6969\/revisions"}],"wp:featuredmedia":[{"embeddable":true,"href":"https:\/\/sensacionarabe.com\/Mayoristas\/wp-json\/wp\/v2\/media\/6968"}],"wp:attachment":[{"href":"https:\/\/sensacionarabe.com\/Mayoristas\/wp-json\/wp\/v2\/media?parent=6969"}],"wp:term":[{"taxonomy":"product_brand","embeddable":true,"href":"https:\/\/sensacionarabe.com\/Mayoristas\/wp-json\/wp\/v2\/product_brand?post=6969"},{"taxonomy":"product_cat","embeddable":true,"href":"https:\/\/sensacionarabe.com\/Mayoristas\/wp-json\/wp\/v2\/product_cat?post=6969"},{"taxonomy":"product_tag","embeddable":true,"href":"https:\/\/sensacionarabe.com\/Mayoristas\/wp-json\/wp\/v2\/product_tag?post=6969"}],"curies":[{"name":"wp","href":"https:\/\/api.w.org\/{rel}","templated":true}]}}