{"id":7137,"date":"2025-03-06T15:58:55","date_gmt":"2025-03-06T14:58:55","guid":{"rendered":"https:\/\/sensacionarabe.com\/Mayoristas\/producto\/frente-avenue-bouquet-of-euphoria-eau-de-perfum-100ml\/"},"modified":"2025-05-15T01:10:41","modified_gmt":"2025-05-14T23:10:41","slug":"frente-avenue-bouquet-of-euphoria-eau-de-perfum-100ml","status":"publish","type":"product","link":"https:\/\/sensacionarabe.com\/Mayoristas\/producto\/frente-avenue-bouquet-of-euphoria-eau-de-perfum-100ml\/","title":{"rendered":"fragance world Bouquet of Euphoria Eau de perfum 100ml"},"content":{"rendered":"<p>Fragancias dej\u00f3 su impronta en 2024 con inventos olfativos que dejaron su huella en el campo de la perfumer\u00eda oriental. Entre ellas se incluyen Ramo de euforiauna fragancia excepcional que se distingue de lo com\u00fan. Esta casa de perfumes es conocida por sus fragancias innovadoras. Ha confirmado su capacidad para crear fragancias excepcionales a precios competitivos.<\/p>\n<p>El rendimiento de Bouquet of Euphoria eau de parfum<br \/>\nEsta eau de parfum ha sido un \u00e9xito indiscutible desde su lanzamiento. Los comentarios de las clientas hablan por s\u00ed solos: una permanencia excepcional, una estela perceptible pero nunca abrumadora y, sobre todo, un precio que desaf\u00eda a toda la competencia. Al ofrecer una alternativa a las grandes marcas, ha encontrado su lugar y se ha convertido en la favorita de las mujeres amantes de los perfumes. fragancias orientales.<\/p>\n<p>Esta joya de la famosa casa Fragrance World es perfecta para cada momento de tu d\u00eda. Como mujer moderna, te sentir\u00e1s acompa\u00f1ada y totalmente segura de ti misma con el paso del tiempo. Su firma olfativa le permite destacar sutilmente, sin pasarse nunca. El frasco es igualmente evocador. Con su imponente color rosa, nos recuerda a Rosa Mayarun \u00e9xito de ventas entre Dubai perfumes para mujer.<\/p>\n<p>\u00bfPor qu\u00e9 recomendamos Bouquet of Euphoria por Fragrance World?<br \/>\nEn primer lugar, hablemos del precio. Fragrance World destaca de la competencia no s\u00f3lo por la calidad de sus productos, sino tambi\u00e9n por los precios que cobra. Aqu\u00ed tiene acceso a un fragancia de lujo a un precio ultrabajo. Al desembalar el paquete, e incluso antes de oler la fragancia, se dar\u00e1 cuenta de lo que vale este producto, con su elegante y contempor\u00e1neo frasco.<\/p>\n<p>Luego est\u00e1n sus interpretaciones. Bouquet of Euphoria impresiona por su duraci\u00f3n durante todo el d\u00eda. Este notable rendimiento lo convierte en una elecci\u00f3n especialmente acertada para quienes buscan una prenda para todo el d\u00eda. fragancia fiable. Es para mujeres que quieren afirmar su personalidad con elegancia, sin excesiva ostentaci\u00f3n.<\/p>\n<p>Su composici\u00f3n olfativa para puristas<br \/>\nCabeza: fruta confitada, heliotropo<\/p>\n<p>Coraz\u00f3n: s\u00e1ndalo, gardenia, jazm\u00edn<\/p>\n<p>Notas de fondo: Vainilla, Caramelo<\/p>\n","protected":false},"excerpt":{"rendered":"<p>Fragancias dej\u00f3 su impronta en 2024 con inventos olfativos que dejaron su huella en el campo de la perfumer\u00eda oriental. Entre ellas se incluyen Ramo de euforiauna fragancia excepcional que se distingue de lo com\u00fan. Esta casa de perfumes es conocida por sus fragancias innovadoras. Ha confirmado su capacidad para crear fragancias excepcionales a precios [&hellip;]<\/p>\n","protected":false},"featured_media":7136,"comment_status":"open","ping_status":"closed","template":"","meta":{"nf_dc_page":"","_uag_custom_page_level_css":"","site-sidebar-layout":"default","site-content-layout":"","ast-site-content-layout":"default","site-content-style":"default","site-sidebar-style":"default","ast-global-header-display":"","ast-banner-title-visibility":"","ast-main-header-display":"","ast-hfb-above-header-display":"","ast-hfb-below-header-display":"","ast-hfb-mobile-header-display":"","site-post-title":"","ast-breadcrumbs-content":"","ast-featured-img":"","footer-sml-layout":"","ast-disable-related-posts":"","theme-transparent-header-meta":"","adv-header-id-meta":"","stick-header-meta":"","header-above-stick-meta":"","header-main-stick-meta":"","header-below-stick-meta":"","astra-migrate-meta-layouts":"default","ast-page-background-enabled":"default","ast-page-background-meta":{"desktop":{"background-color":"","background-image":"","background-repeat":"repeat","background-position":"center center","background-size":"auto","background-attachment":"scroll","background-type":"","background-media":"","overlay-type":"","overlay-color":"","overlay-opacity":"","overlay-gradient":""},"tablet":{"background-color":"","background-image":"","background-repeat":"repeat","background-position":"center center","background-size":"auto","background-attachment":"scroll","background-type":"","background-media":"","overlay-type":"","overlay-color":"","overlay-opacity":"","overlay-gradient":""},"mobile":{"background-color":"","background-image":"","background-repeat":"repeat","background-position":"center center","background-size":"auto","background-attachment":"scroll","background-type":"","background-media":"","overlay-type":"","overlay-color":"","overlay-opacity":"","overlay-gradient":""}},"ast-content-background-meta":{"desktop":{"background-color":"var(--ast-global-color-5)","background-image":"","background-repeat":"repeat","background-position":"center center","background-size":"auto","background-attachment":"scroll","background-type":"","background-media":"","overlay-type":"","overlay-color":"","overlay-opacity":"","overlay-gradient":""},"tablet":{"background-color":"var(--ast-global-color-5)","background-image":"","background-repeat":"repeat","background-position":"center center","background-size":"auto","background-attachment":"scroll","background-type":"","background-media":"","overlay-type":"","overlay-color":"","overlay-opacity":"","overlay-gradient":""},"mobile":{"background-color":"var(--ast-global-color-5)","background-image":"","background-repeat":"repeat","background-position":"center center","background-size":"auto","background-attachment":"scroll","background-type":"","background-media":"","overlay-type":"","overlay-color":"","overlay-opacity":"","overlay-gradient":""}}},"product_brand":[],"product_cat":[49],"product_tag":[71],"class_list":{"0":"post-7137","1":"product","2":"type-product","3":"status-publish","4":"has-post-thumbnail","6":"product_cat-mujer","7":"product_tag-fragancias-world","8":"desktop-align-left","9":"tablet-align-left","10":"mobile-align-left","12":"first","13":"outofstock","14":"taxable","15":"shipping-taxable","16":"purchasable","17":"product-type-simple"},"uagb_featured_image_src":{"full":["https:\/\/sensacionarabe.com\/Mayoristas\/wp-content\/uploads\/2025\/03\/1000085525.jpg",1059,998,false],"thumbnail":["https:\/\/sensacionarabe.com\/Mayoristas\/wp-content\/uploads\/2025\/03\/1000085525-150x150.jpg",150,150,true],"medium":["https:\/\/sensacionarabe.com\/Mayoristas\/wp-content\/uploads\/2025\/03\/1000085525-300x283.jpg",300,283,true],"medium_large":["https:\/\/sensacionarabe.com\/Mayoristas\/wp-content\/uploads\/2025\/03\/1000085525-768x724.jpg",768,724,true],"large":["https:\/\/sensacionarabe.com\/Mayoristas\/wp-content\/uploads\/2025\/03\/1000085525-1024x965.jpg",1024,965,true],"1536x1536":["https:\/\/sensacionarabe.com\/Mayoristas\/wp-content\/uploads\/2025\/03\/1000085525.jpg",1059,998,false],"2048x2048":["https:\/\/sensacionarabe.com\/Mayoristas\/wp-content\/uploads\/2025\/03\/1000085525.jpg",1059,998,false],"woocommerce_thumbnail":["https:\/\/sensacionarabe.com\/Mayoristas\/wp-content\/uploads\/2025\/03\/1000085525-300x300.jpg",300,300,true],"woocommerce_single":["https:\/\/sensacionarabe.com\/Mayoristas\/wp-content\/uploads\/2025\/03\/1000085525-600x565.jpg",600,565,true],"woocommerce_gallery_thumbnail":["https:\/\/sensacionarabe.com\/Mayoristas\/wp-content\/uploads\/2025\/03\/1000085525-100x100.jpg",100,100,true],"variation_swatches_image_size":["https:\/\/sensacionarabe.com\/Mayoristas\/wp-content\/uploads\/2025\/03\/1000085525.jpg",50,47,false],"variation_swatches_tooltip_size":["https:\/\/sensacionarabe.com\/Mayoristas\/wp-content\/uploads\/2025\/03\/1000085525.jpg",100,94,false]},"uagb_author_info":{"display_name":"admin","author_link":"https:\/\/sensacionarabe.com\/Mayoristas\/author\/"},"uagb_comment_info":0,"uagb_excerpt":"Fragancias dej\u00f3 su impronta en 2024 con inventos olfativos que dejaron su huella en el campo de la perfumer\u00eda oriental. Entre ellas se incluyen Ramo de euforiauna fragancia excepcional que se distingue de lo com\u00fan. Esta casa de perfumes es conocida por sus fragancias innovadoras. Ha confirmado su capacidad para crear fragancias excepcionales a precios&hellip;","_links":{"self":[{"href":"https:\/\/sensacionarabe.com\/Mayoristas\/wp-json\/wp\/v2\/product\/7137","targetHints":{"allow":["GET"]}}],"collection":[{"href":"https:\/\/sensacionarabe.com\/Mayoristas\/wp-json\/wp\/v2\/product"}],"about":[{"href":"https:\/\/sensacionarabe.com\/Mayoristas\/wp-json\/wp\/v2\/types\/product"}],"replies":[{"embeddable":true,"href":"https:\/\/sensacionarabe.com\/Mayoristas\/wp-json\/wp\/v2\/comments?post=7137"}],"version-history":[{"count":2,"href":"https:\/\/sensacionarabe.com\/Mayoristas\/wp-json\/wp\/v2\/product\/7137\/revisions"}],"predecessor-version":[{"id":7161,"href":"https:\/\/sensacionarabe.com\/Mayoristas\/wp-json\/wp\/v2\/product\/7137\/revisions\/7161"}],"wp:featuredmedia":[{"embeddable":true,"href":"https:\/\/sensacionarabe.com\/Mayoristas\/wp-json\/wp\/v2\/media\/7136"}],"wp:attachment":[{"href":"https:\/\/sensacionarabe.com\/Mayoristas\/wp-json\/wp\/v2\/media?parent=7137"}],"wp:term":[{"taxonomy":"product_brand","embeddable":true,"href":"https:\/\/sensacionarabe.com\/Mayoristas\/wp-json\/wp\/v2\/product_brand?post=7137"},{"taxonomy":"product_cat","embeddable":true,"href":"https:\/\/sensacionarabe.com\/Mayoristas\/wp-json\/wp\/v2\/product_cat?post=7137"},{"taxonomy":"product_tag","embeddable":true,"href":"https:\/\/sensacionarabe.com\/Mayoristas\/wp-json\/wp\/v2\/product_tag?post=7137"}],"curies":[{"name":"wp","href":"https:\/\/api.w.org\/{rel}","templated":true}]}}