{"id":8370,"date":"2025-09-19T13:14:03","date_gmt":"2025-09-19T11:14:03","guid":{"rendered":"https:\/\/sensacionarabe.com\/Mayoristas\/producto\/lattafa-set-yaras-4-unidades-25-ml\/"},"modified":"2026-03-19T11:40:25","modified_gmt":"2026-03-19T10:40:25","slug":"lattafa-set-yaras-4-unidades-25-ml","status":"publish","type":"product","link":"https:\/\/sensacionarabe.com\/Mayoristas\/producto\/lattafa-set-yaras-4-unidades-25-ml\/","title":{"rendered":"Lattafa set yara&#8217;s  4 unidades 25 ml"},"content":{"rendered":"<p>Le caja de perfume en miniatura atrae a los fans de aromas refinados quecoleccionables. Con su pr\u00e1ctico formato de viaje, este tipo de caja resulta tan atractiva como regalo como para uno mismo. Dise\u00f1ada para permitir descubrir nuevas fragancias o satisfacer al coleccionista exigente, combina elegancia y practicidad en una atractiva cajita. Enfoque en una caja compuesta por cuatro miniaturas de perfumes de mujer de la marca Lattafa, cada uno en 25 ml, con acordes afrutados, florales, gourmand y amaderados, para un verdadero viaje sensorial.<\/p>\n<p>Notas olfativas :<\/p>\n<p>1. Caramelos Yara &#8211; Notas altas Mandarina verde, grosella negra &#8211; Notas de coraz\u00f3n Gardenia, Caramelo de fresa espumoso &#8211; Notas de fondo S\u00e1ndalo, jarabe de vainilla, almizcle, \u00e1mbar<br \/>\n2. Yara Tous &#8211; Notas altas Coco, mango, fruta de la pasi\u00f3n &#8211; Notas de coraz\u00f3n Jazm\u00edn, Heliotropo, Azahar &#8211; Notas de fondo Cashmeran, Vainilla, Almizcle<br \/>\n3. Yara Moi &#8211; Notas altas Pera, Baya rosa, Grosella negra &#8211; Notas de coraz\u00f3n Tuberosa, Jazm\u00edn, Almendra &#8211; Notas de fondo Vainilla, Cashmeran, Pachul\u00ed<br \/>\n4. Yara &#8211; Notas altas Mandarina, Heliotropo, Orqu\u00eddea &#8211; Notas de coraz\u00f3n Frutas tropicales, notas gourmand &#8211; Notas de fondo Vainilla, S\u00e1ndalo, Almizcle.<\/p>\n","protected":false},"excerpt":{"rendered":"<p>Le caja de perfume en miniatura atrae a los fans de aromas refinados quecoleccionables. Con su pr\u00e1ctico formato de viaje, este tipo de caja resulta tan atractiva como regalo como para uno mismo. Dise\u00f1ada para permitir descubrir nuevas fragancias o satisfacer al coleccionista exigente, combina elegancia y practicidad en una atractiva cajita. Enfoque en una [&hellip;]<\/p>\n","protected":false},"featured_media":8369,"comment_status":"open","ping_status":"closed","template":"","meta":{"nf_dc_page":"","_uag_custom_page_level_css":"","site-sidebar-layout":"default","site-content-layout":"","ast-site-content-layout":"default","site-content-style":"default","site-sidebar-style":"default","ast-global-header-display":"","ast-banner-title-visibility":"","ast-main-header-display":"","ast-hfb-above-header-display":"","ast-hfb-below-header-display":"","ast-hfb-mobile-header-display":"","site-post-title":"","ast-breadcrumbs-content":"","ast-featured-img":"","footer-sml-layout":"","ast-disable-related-posts":"","theme-transparent-header-meta":"","adv-header-id-meta":"","stick-header-meta":"","header-above-stick-meta":"","header-main-stick-meta":"","header-below-stick-meta":"","astra-migrate-meta-layouts":"default","ast-page-background-enabled":"default","ast-page-background-meta":{"desktop":{"background-color":"","background-image":"","background-repeat":"repeat","background-position":"center center","background-size":"auto","background-attachment":"scroll","background-type":"","background-media":"","overlay-type":"","overlay-color":"","overlay-opacity":"","overlay-gradient":""},"tablet":{"background-color":"","background-image":"","background-repeat":"repeat","background-position":"center center","background-size":"auto","background-attachment":"scroll","background-type":"","background-media":"","overlay-type":"","overlay-color":"","overlay-opacity":"","overlay-gradient":""},"mobile":{"background-color":"","background-image":"","background-repeat":"repeat","background-position":"center center","background-size":"auto","background-attachment":"scroll","background-type":"","background-media":"","overlay-type":"","overlay-color":"","overlay-opacity":"","overlay-gradient":""}},"ast-content-background-meta":{"desktop":{"background-color":"var(--ast-global-color-5)","background-image":"","background-repeat":"repeat","background-position":"center center","background-size":"auto","background-attachment":"scroll","background-type":"","background-media":"","overlay-type":"","overlay-color":"","overlay-opacity":"","overlay-gradient":""},"tablet":{"background-color":"var(--ast-global-color-5)","background-image":"","background-repeat":"repeat","background-position":"center center","background-size":"auto","background-attachment":"scroll","background-type":"","background-media":"","overlay-type":"","overlay-color":"","overlay-opacity":"","overlay-gradient":""},"mobile":{"background-color":"var(--ast-global-color-5)","background-image":"","background-repeat":"repeat","background-position":"center center","background-size":"auto","background-attachment":"scroll","background-type":"","background-media":"","overlay-type":"","overlay-color":"","overlay-opacity":"","overlay-gradient":""}}},"product_brand":[],"product_cat":[15],"product_tag":[],"class_list":{"0":"post-8370","1":"product","2":"type-product","3":"status-publish","4":"has-post-thumbnail","6":"product_cat-sin-categorizar","7":"desktop-align-left","8":"tablet-align-left","9":"mobile-align-left","11":"first","12":"instock","13":"taxable","14":"shipping-taxable","15":"purchasable","16":"product-type-simple"},"uagb_featured_image_src":{"full":["https:\/\/sensacionarabe.com\/Mayoristas\/wp-content\/uploads\/2025\/09\/1000260565.jpg",584,441,false],"thumbnail":["https:\/\/sensacionarabe.com\/Mayoristas\/wp-content\/uploads\/2025\/09\/1000260565-150x150.jpg",150,150,true],"medium":["https:\/\/sensacionarabe.com\/Mayoristas\/wp-content\/uploads\/2025\/09\/1000260565-300x227.jpg",300,227,true],"medium_large":["https:\/\/sensacionarabe.com\/Mayoristas\/wp-content\/uploads\/2025\/09\/1000260565.jpg",584,441,false],"large":["https:\/\/sensacionarabe.com\/Mayoristas\/wp-content\/uploads\/2025\/09\/1000260565.jpg",584,441,false],"1536x1536":["https:\/\/sensacionarabe.com\/Mayoristas\/wp-content\/uploads\/2025\/09\/1000260565.jpg",584,441,false],"2048x2048":["https:\/\/sensacionarabe.com\/Mayoristas\/wp-content\/uploads\/2025\/09\/1000260565.jpg",584,441,false],"woocommerce_thumbnail":["https:\/\/sensacionarabe.com\/Mayoristas\/wp-content\/uploads\/2025\/09\/1000260565-300x300.jpg",300,300,true],"woocommerce_single":["https:\/\/sensacionarabe.com\/Mayoristas\/wp-content\/uploads\/2025\/09\/1000260565.jpg",584,441,false],"woocommerce_gallery_thumbnail":["https:\/\/sensacionarabe.com\/Mayoristas\/wp-content\/uploads\/2025\/09\/1000260565-100x100.jpg",100,100,true],"variation_swatches_image_size":["https:\/\/sensacionarabe.com\/Mayoristas\/wp-content\/uploads\/2025\/09\/1000260565-50x50.jpg",50,50,true],"variation_swatches_tooltip_size":["https:\/\/sensacionarabe.com\/Mayoristas\/wp-content\/uploads\/2025\/09\/1000260565-100x100.jpg",100,100,true]},"uagb_author_info":{"display_name":"admin","author_link":"https:\/\/sensacionarabe.com\/Mayoristas\/author\/"},"uagb_comment_info":0,"uagb_excerpt":"Le caja de perfume en miniatura atrae a los fans de aromas refinados quecoleccionables. Con su pr\u00e1ctico formato de viaje, este tipo de caja resulta tan atractiva como regalo como para uno mismo. Dise\u00f1ada para permitir descubrir nuevas fragancias o satisfacer al coleccionista exigente, combina elegancia y practicidad en una atractiva cajita. Enfoque en una&hellip;","_links":{"self":[{"href":"https:\/\/sensacionarabe.com\/Mayoristas\/wp-json\/wp\/v2\/product\/8370","targetHints":{"allow":["GET"]}}],"collection":[{"href":"https:\/\/sensacionarabe.com\/Mayoristas\/wp-json\/wp\/v2\/product"}],"about":[{"href":"https:\/\/sensacionarabe.com\/Mayoristas\/wp-json\/wp\/v2\/types\/product"}],"replies":[{"embeddable":true,"href":"https:\/\/sensacionarabe.com\/Mayoristas\/wp-json\/wp\/v2\/comments?post=8370"}],"version-history":[{"count":1,"href":"https:\/\/sensacionarabe.com\/Mayoristas\/wp-json\/wp\/v2\/product\/8370\/revisions"}],"predecessor-version":[{"id":8995,"href":"https:\/\/sensacionarabe.com\/Mayoristas\/wp-json\/wp\/v2\/product\/8370\/revisions\/8995"}],"wp:featuredmedia":[{"embeddable":true,"href":"https:\/\/sensacionarabe.com\/Mayoristas\/wp-json\/wp\/v2\/media\/8369"}],"wp:attachment":[{"href":"https:\/\/sensacionarabe.com\/Mayoristas\/wp-json\/wp\/v2\/media?parent=8370"}],"wp:term":[{"taxonomy":"product_brand","embeddable":true,"href":"https:\/\/sensacionarabe.com\/Mayoristas\/wp-json\/wp\/v2\/product_brand?post=8370"},{"taxonomy":"product_cat","embeddable":true,"href":"https:\/\/sensacionarabe.com\/Mayoristas\/wp-json\/wp\/v2\/product_cat?post=8370"},{"taxonomy":"product_tag","embeddable":true,"href":"https:\/\/sensacionarabe.com\/Mayoristas\/wp-json\/wp\/v2\/product_tag?post=8370"}],"curies":[{"name":"wp","href":"https:\/\/api.w.org\/{rel}","templated":true}]}}