{"id":9378,"date":"2026-02-03T13:35:31","date_gmt":"2026-02-03T12:35:31","guid":{"rendered":"https:\/\/sensacionarabe.com\/Mayoristas\/producto\/lattafa-mishlah-eau-de-parfum-100-ml\/"},"modified":"2026-02-11T13:20:46","modified_gmt":"2026-02-11T12:20:46","slug":"lattafa-mishlah-eau-de-parfum-100-ml","status":"publish","type":"product","link":"https:\/\/sensacionarabe.com\/Mayoristas\/producto\/lattafa-mishlah-eau-de-parfum-100-ml\/","title":{"rendered":"Lattafa Mishlah Eau de Parfum 100 ml"},"content":{"rendered":"<p>Lattafa Mishlah Eau de Parfum 100 ml es una lujosa fragancia de inspiraci\u00f3n oriental que combina car\u00e1cter, elegancia y profundidad en una composici\u00f3n moderna. La armoniosa combinaci\u00f3n de notas especiadas, florales y amaderadas crea una intensa primera impresi\u00f3n, ideal tanto para mujeres como para hombres.<\/p>\n<p>La nota de salida se abre con bergamota fresca, pimienta negra picante y lavanda relajante: una salida vigorizante que irradia energ\u00eda y fascinaci\u00f3n. Esta combinaci\u00f3n le otorga a la fragancia un sofisticado equilibrio de frescura y especias, despertando la curiosidad y cautivando la atenci\u00f3n al instante.<\/p>\n<p>En el coraz\u00f3n, se despliega una elegante mezcla de petitgrain y precioso iris , que aporta a la fragancia una profundidad floral y sutilmente polvorienta. Este armonioso n\u00facleo redondea la potente nota de salida y prepara el camino para una base c\u00e1lida y sensual.<\/p>\n<p>Las notas de fondo de Mischlah son ricas y duraderas: almizcle, madera de cedro, \u00e1mbar c\u00e1lido e incienso de ol\u00edbano (ol\u00edbano) le otorgan al perfume una presencia c\u00e1lida, seductora y duradera en la piel. Este final proporciona una elegante conclusi\u00f3n que expresa estilo, confianza y versatilidad.<\/p>\n<p>Gracias a su equilibrada composici\u00f3n, Lattafa Mishlah Eau de Parfum 100 ml es perfecto para el d\u00eda a d\u00eda, para ocasiones especiales o para causar una impresi\u00f3n duradera. Su car\u00e1cter unisex lo hace vers\u00e1til y adecuado para todos los g\u00e9neros y estaciones.<\/p>\n<p>Notas de salida : Bergamota, pimienta negra, lavanda.<br \/>\nNotas de coraz\u00f3n : Petitgrain, Iris<br \/>\nNotas de fondo : Almizcle, madera de cedro, \u00e1mbar, ol\u00edbano (incienso)<\/p>\n","protected":false},"excerpt":{"rendered":"<p>Lattafa Mishlah Eau de Parfum 100 ml es una lujosa fragancia de inspiraci\u00f3n oriental que combina car\u00e1cter, elegancia y profundidad en una composici\u00f3n moderna. La armoniosa combinaci\u00f3n de notas especiadas, florales y amaderadas crea una intensa primera impresi\u00f3n, ideal tanto para mujeres como para hombres. La nota de salida se abre con bergamota fresca, pimienta [&hellip;]<\/p>\n","protected":false},"featured_media":9377,"comment_status":"open","ping_status":"closed","template":"","meta":{"nf_dc_page":"","_uag_custom_page_level_css":"","site-sidebar-layout":"default","site-content-layout":"","ast-site-content-layout":"default","site-content-style":"default","site-sidebar-style":"default","ast-global-header-display":"","ast-banner-title-visibility":"","ast-main-header-display":"","ast-hfb-above-header-display":"","ast-hfb-below-header-display":"","ast-hfb-mobile-header-display":"","site-post-title":"","ast-breadcrumbs-content":"","ast-featured-img":"","footer-sml-layout":"","ast-disable-related-posts":"","theme-transparent-header-meta":"","adv-header-id-meta":"","stick-header-meta":"","header-above-stick-meta":"","header-main-stick-meta":"","header-below-stick-meta":"","astra-migrate-meta-layouts":"default","ast-page-background-enabled":"default","ast-page-background-meta":{"desktop":{"background-color":"","background-image":"","background-repeat":"repeat","background-position":"center center","background-size":"auto","background-attachment":"scroll","background-type":"","background-media":"","overlay-type":"","overlay-color":"","overlay-opacity":"","overlay-gradient":""},"tablet":{"background-color":"","background-image":"","background-repeat":"repeat","background-position":"center center","background-size":"auto","background-attachment":"scroll","background-type":"","background-media":"","overlay-type":"","overlay-color":"","overlay-opacity":"","overlay-gradient":""},"mobile":{"background-color":"","background-image":"","background-repeat":"repeat","background-position":"center center","background-size":"auto","background-attachment":"scroll","background-type":"","background-media":"","overlay-type":"","overlay-color":"","overlay-opacity":"","overlay-gradient":""}},"ast-content-background-meta":{"desktop":{"background-color":"var(--ast-global-color-5)","background-image":"","background-repeat":"repeat","background-position":"center center","background-size":"auto","background-attachment":"scroll","background-type":"","background-media":"","overlay-type":"","overlay-color":"","overlay-opacity":"","overlay-gradient":""},"tablet":{"background-color":"var(--ast-global-color-5)","background-image":"","background-repeat":"repeat","background-position":"center center","background-size":"auto","background-attachment":"scroll","background-type":"","background-media":"","overlay-type":"","overlay-color":"","overlay-opacity":"","overlay-gradient":""},"mobile":{"background-color":"var(--ast-global-color-5)","background-image":"","background-repeat":"repeat","background-position":"center center","background-size":"auto","background-attachment":"scroll","background-type":"","background-media":"","overlay-type":"","overlay-color":"","overlay-opacity":"","overlay-gradient":""}}},"product_brand":[],"product_cat":[29],"product_tag":[58],"class_list":{"0":"post-9378","1":"product","2":"type-product","3":"status-publish","4":"has-post-thumbnail","6":"product_cat-unisex","7":"product_tag-lattafa","8":"desktop-align-left","9":"tablet-align-left","10":"mobile-align-left","12":"first","13":"instock","14":"taxable","15":"shipping-taxable","16":"purchasable","17":"product-type-simple"},"uagb_featured_image_src":{"full":["https:\/\/sensacionarabe.com\/Mayoristas\/wp-content\/uploads\/2026\/02\/1000432537-1.jpg",810,810,false],"thumbnail":["https:\/\/sensacionarabe.com\/Mayoristas\/wp-content\/uploads\/2026\/02\/1000432537-1-150x150.jpg",150,150,true],"medium":["https:\/\/sensacionarabe.com\/Mayoristas\/wp-content\/uploads\/2026\/02\/1000432537-1-300x300.jpg",300,300,true],"medium_large":["https:\/\/sensacionarabe.com\/Mayoristas\/wp-content\/uploads\/2026\/02\/1000432537-1-768x768.jpg",768,768,true],"large":["https:\/\/sensacionarabe.com\/Mayoristas\/wp-content\/uploads\/2026\/02\/1000432537-1.jpg",810,810,false],"1536x1536":["https:\/\/sensacionarabe.com\/Mayoristas\/wp-content\/uploads\/2026\/02\/1000432537-1.jpg",810,810,false],"2048x2048":["https:\/\/sensacionarabe.com\/Mayoristas\/wp-content\/uploads\/2026\/02\/1000432537-1.jpg",810,810,false],"woocommerce_thumbnail":["https:\/\/sensacionarabe.com\/Mayoristas\/wp-content\/uploads\/2026\/02\/1000432537-1-300x300.jpg",300,300,true],"woocommerce_single":["https:\/\/sensacionarabe.com\/Mayoristas\/wp-content\/uploads\/2026\/02\/1000432537-1-600x600.jpg",600,600,true],"woocommerce_gallery_thumbnail":["https:\/\/sensacionarabe.com\/Mayoristas\/wp-content\/uploads\/2026\/02\/1000432537-1-100x100.jpg",100,100,true],"variation_swatches_image_size":["https:\/\/sensacionarabe.com\/Mayoristas\/wp-content\/uploads\/2026\/02\/1000432537-1-50x50.jpg",50,50,true],"variation_swatches_tooltip_size":["https:\/\/sensacionarabe.com\/Mayoristas\/wp-content\/uploads\/2026\/02\/1000432537-1-100x100.jpg",100,100,true]},"uagb_author_info":{"display_name":"admin","author_link":"https:\/\/sensacionarabe.com\/Mayoristas\/author\/"},"uagb_comment_info":0,"uagb_excerpt":"Lattafa Mishlah Eau de Parfum 100 ml es una lujosa fragancia de inspiraci\u00f3n oriental que combina car\u00e1cter, elegancia y profundidad en una composici\u00f3n moderna. La armoniosa combinaci\u00f3n de notas especiadas, florales y amaderadas crea una intensa primera impresi\u00f3n, ideal tanto para mujeres como para hombres. La nota de salida se abre con bergamota fresca, pimienta&hellip;","_links":{"self":[{"href":"https:\/\/sensacionarabe.com\/Mayoristas\/wp-json\/wp\/v2\/product\/9378","targetHints":{"allow":["GET"]}}],"collection":[{"href":"https:\/\/sensacionarabe.com\/Mayoristas\/wp-json\/wp\/v2\/product"}],"about":[{"href":"https:\/\/sensacionarabe.com\/Mayoristas\/wp-json\/wp\/v2\/types\/product"}],"replies":[{"embeddable":true,"href":"https:\/\/sensacionarabe.com\/Mayoristas\/wp-json\/wp\/v2\/comments?post=9378"}],"version-history":[{"count":0,"href":"https:\/\/sensacionarabe.com\/Mayoristas\/wp-json\/wp\/v2\/product\/9378\/revisions"}],"wp:featuredmedia":[{"embeddable":true,"href":"https:\/\/sensacionarabe.com\/Mayoristas\/wp-json\/wp\/v2\/media\/9377"}],"wp:attachment":[{"href":"https:\/\/sensacionarabe.com\/Mayoristas\/wp-json\/wp\/v2\/media?parent=9378"}],"wp:term":[{"taxonomy":"product_brand","embeddable":true,"href":"https:\/\/sensacionarabe.com\/Mayoristas\/wp-json\/wp\/v2\/product_brand?post=9378"},{"taxonomy":"product_cat","embeddable":true,"href":"https:\/\/sensacionarabe.com\/Mayoristas\/wp-json\/wp\/v2\/product_cat?post=9378"},{"taxonomy":"product_tag","embeddable":true,"href":"https:\/\/sensacionarabe.com\/Mayoristas\/wp-json\/wp\/v2\/product_tag?post=9378"}],"curies":[{"name":"wp","href":"https:\/\/api.w.org\/{rel}","templated":true}]}}